{"id":671,"date":"2024-05-15T20:30:16","date_gmt":"2024-05-15T18:30:16","guid":{"rendered":"http:\/\/proindesa.com\/wordpress\/product\/pulverizador-industrial-king-neumatico\/"},"modified":"2025-08-13T18:45:00","modified_gmt":"2025-08-13T16:45:00","slug":"pulverizador-industrial-king-neumatico","status":"publish","type":"product","link":"https:\/\/proindesa.com\/?product=pulverizador-industrial-king-neumatico","title":{"rendered":"Pulverizador industrial king neum\u00e1tico"},"content":{"rendered":"<p><span style=\"font-weight: 400;\">Las King serie K son bombas accionadas con aire para aplicaciones de gran volumen y alta presi\u00f3n de recubrimientos protectores, impermeabilizaci\u00f3n e ignifugaci\u00f3n. Los equipos pulverizadores de recubrimientos King de Graco son equipos accionados con aire para aplicaciones de gran volumen y alta presi\u00f3n de recubrimientos protectores, impermeabilizaci\u00f3n y recubrimientos ign\u00edfugos.<\/span><\/p>\n<p><span style=\"font-weight: 400;\">Alta calidad, gran volumen, alta presi\u00f3n. Los pulverizadores airless neum\u00e1ticos King de Graco son las m\u00e1quinas m\u00e1s potentes para recubrimientos protectores.<\/span><span style=\"font-weight: 400;\"><br \/>\n<\/span><span style=\"font-weight: 400;\">El sistema proporciona valores de salida, relaciones de presi\u00f3n y capacidades de bombeo de aplicador nunca antes vistas.<\/span><span style=\"font-weight: 400;\"><br \/>\n<\/span><span style=\"font-weight: 400;\">Las unidades King de Graco han sido dise\u00f1adas para soportar las condiciones meteorol\u00f3gicas m\u00e1s adversas y para manejar f\u00e1cilmente las aplicaciones m\u00e1s complicadas de recubrimientos protectores y control de la corrosi\u00f3n.<\/span><span style=\"font-weight: 400;\"><br \/>\n<\/span><span style=\"font-weight: 400;\">Con 10 variantes de relaci\u00f3n de presi\u00f3n diferentes disponibles, encontrar\u00e1 un pulverizador con las caracter\u00edsticas de caudal y presi\u00f3n correctas para su aplicaci\u00f3n.<\/span><\/p>\n<p><span style=\"font-weight: 400;\">Mantenimiento sencillo:<\/span><\/p>\n<p><span style=\"font-weight: 400;\">Este motor neum\u00e1tico tiene un 50 % menos de piezas en comparaci\u00f3n con la antigua v\u00e1lvula NXT, lo que facilita el mantenimiento y la resoluci\u00f3n de problemas.<\/span><span style=\"font-weight: 400;\"><br \/>\n<\/span><span style=\"font-weight: 400;\">Todas las piezas del motor son de f\u00e1cil acceso y necesitan un mantenimiento simple.<\/span><span style=\"font-weight: 400;\"><br \/>\n<\/span><span style=\"font-weight: 400;\">Mejor rendimiento contra la formaci\u00f3n de hielo:<\/span><span style=\"font-weight: 400;\"><br \/>\n<\/span><span style=\"font-weight: 400;\">Los v\u00e1stagos de nuevo dise\u00f1o y las v\u00e1lvulas piloto externas pr\u00e1cticamente eliminan la congelaci\u00f3n de la v\u00e1lvula, que podria, en el pasado, provocar una parada instant\u00e1nea.<\/span><span style=\"font-weight: 400;\"><br \/>\n<\/span><span style=\"font-weight: 400;\">El potencial de formaci\u00f3n de hielo se ha reducido en hasta un 70%.<\/span><\/p>\n<p><span style=\"font-weight: 400;\">Menos pulsaci\u00f3n:<\/span><span style=\"font-weight: 400;\"><br \/>\n<\/span><span style=\"font-weight: 400;\">Con m\u00e1s de un 145 % de mayor capacidad de escape en la v\u00e1lvula de aire, lograr\u00e1 un cambio m\u00e1s r\u00e1pido y suave.<\/span><span style=\"font-weight: 400;\"><br \/>\n<\/span><span style=\"font-weight: 400;\">La eliminaci\u00f3n de \u201cintermitencias\u201d en el patr\u00f3n es una diferencia que se notar\u00e1.<\/span><\/p>\n<p><span style=\"font-weight: 400;\">Nuevas bases de bomba MaxLife:<\/span><span style=\"font-weight: 400;\"><br \/>\n<\/span><span style=\"font-weight: 400;\">Se ha mejorado el sellado y la resistencia con el avance de la carga sobre el borde lateral y siete empaquetaduras en lugar de cinco. Las nuevas bases de bomba MaxLife est\u00e1n dise\u00f1adas para los trabajos m\u00e1s exigentes y ofrecen una durabilidad y una vida \u00fatil inigualables.<\/span><\/p>\n<p><span style=\"font-weight: 400;\">Nuevo motor neum\u00e1tico:<\/span><span style=\"font-weight: 400;\"><br \/>\n<\/span><span style=\"font-weight: 400;\">Las capacidades del nuevo y potente motor neum\u00e1tico de Graco con capacidad para varias pistolas le permiten utilizar m\u00faltiples pistolas casi sin pulsaciones perceptibles. Un nuevo colector se ha dise\u00f1ado para simplificar la instalaci\u00f3n de varias pistolas.<\/span><\/p>\n<p><span style=\"font-weight: 400;\">Aprobado para ambientes peligrosos: S\u00ed<\/span><span style=\"font-weight: 400;\"><br \/>\n<\/span><span style=\"font-weight: 400;\">Fuente de alimentaci\u00f3n: Neum\u00e1tica<\/span><span style=\"font-weight: 400;\"><br \/>\n<\/span><span style=\"font-weight: 400;\">Tipo de bomba: Xtreme<\/span><\/p>\n<p><span style=\"font-weight: 400;\">INCLUIDO EN EL EQUIPO:<\/span><\/p>\n<p><span style=\"font-weight: 400;\">Pistola de aplicaci\u00f3n de uso pesado XTR7<\/span><span style=\"font-weight: 400;\"><br \/>\n<\/span><span style=\"font-weight: 400;\">Manguera de alta presi\u00f3n<\/span><span style=\"font-weight: 400;\"><br \/>\n<\/span><span style=\"font-weight: 400;\">Latiguillo de alta presi\u00f3n<\/span><span style=\"font-weight: 400;\"><br \/>\n<\/span><span style=\"font-weight: 400;\">Filtro Regulador Lubricador (FRL)<\/span><span style=\"font-weight: 400;\"><br \/>\n<\/span><span style=\"font-weight: 400;\">Conexi\u00f3n de aire tipo Chicago<\/span><\/p>\n","protected":false},"excerpt":{"rendered":"<p><span style=\"font-weight: 400;\">Pistola de aplicaci\u00f3n de uso pesado XTR7 Manguera de alta presi\u00f3n Latiguillo de alta presi\u00f3n.<\/span><\/p>\n","protected":false},"featured_media":514,"template":"","meta":{"_acf_changed":false,"content-type":"","_uf_show_specific_survey":0,"_uf_disable_surveys":false},"product_brand":[],"product_cat":[94],"product_tag":[38,101],"class_list":{"0":"post-671","1":"product","2":"type-product","3":"status-publish","4":"has-post-thumbnail","6":"product_cat-industrial","7":"product_tag-graco","8":"product_tag-sin-precio","10":"first","11":"instock","12":"taxable","13":"shipping-taxable","14":"purchasable","15":"product-type-simple"},"acf":[],"_links":{"self":[{"href":"https:\/\/proindesa.com\/index.php?rest_route=\/wp\/v2\/product\/671","targetHints":{"allow":["GET"]}}],"collection":[{"href":"https:\/\/proindesa.com\/index.php?rest_route=\/wp\/v2\/product"}],"about":[{"href":"https:\/\/proindesa.com\/index.php?rest_route=\/wp\/v2\/types\/product"}],"wp:featuredmedia":[{"embeddable":true,"href":"https:\/\/proindesa.com\/index.php?rest_route=\/wp\/v2\/media\/514"}],"wp:attachment":[{"href":"https:\/\/proindesa.com\/index.php?rest_route=%2Fwp%2Fv2%2Fmedia&parent=671"}],"wp:term":[{"taxonomy":"product_brand","embeddable":true,"href":"https:\/\/proindesa.com\/index.php?rest_route=%2Fwp%2Fv2%2Fproduct_brand&post=671"},{"taxonomy":"product_cat","embeddable":true,"href":"https:\/\/proindesa.com\/index.php?rest_route=%2Fwp%2Fv2%2Fproduct_cat&post=671"},{"taxonomy":"product_tag","embeddable":true,"href":"https:\/\/proindesa.com\/index.php?rest_route=%2Fwp%2Fv2%2Fproduct_tag&post=671"}],"curies":[{"name":"wp","href":"https:\/\/api.w.org\/{rel}","templated":true}]}}