{"id":668,"date":"2024-05-15T20:30:16","date_gmt":"2024-05-15T18:30:16","guid":{"rendered":"http:\/\/proindesa.com\/wordpress\/product\/texspray-fast-finish\/"},"modified":"2025-08-13T18:44:59","modified_gmt":"2025-08-13T16:44:59","slug":"texspray-fast-finish","status":"publish","type":"product","link":"https:\/\/proindesa.com\/?product=texspray-fast-finish","title":{"rendered":"Texspray fast finish"},"content":{"rendered":"<p><span style=\"font-weight: 400;\">El equipo es m\u00e1s r\u00e1pido para trabajos de texturizado peque\u00f1os a medianos.<\/span><span style=\"font-weight: 400;\"><br \/>\n<\/span><span style=\"font-weight: 400;\">El equipo Fast Finish, entrega un acabado profesional a una velocidad impresionante, reduciendo dram\u00e1ticamente el tiempo de entrega de una tolva de 20 libras. Haga el trabajo m\u00e1s r\u00e1pido con menos fatiga.<\/span><span style=\"font-weight: 400;\"><br \/>\n<\/span><span style=\"font-weight: 400;\">La tolva sellada y presurizada mantiene los materiales frescos al tiempo que elimina los derrames que consumen mucho tiempo.<\/span><span style=\"font-weight: 400;\"><br \/>\n<\/span><span style=\"font-weight: 400;\">Compresor de aire sin tanque de alto rendimiento.<\/span><span style=\"font-weight: 400;\"><br \/>\n<\/span><span style=\"font-weight: 400;\">Un mayor rendimiento con un control superior garantiza resultados de alta calidad.<\/span><\/p>\n<p><span style=\"font-weight: 400;\">TexSprayFastFinishApplication1200<\/span><\/p>\n<p><span style=\"font-weight: 400;\">ROCIADO PARA TODOS LOS ACABADOS<\/span><span style=\"font-weight: 400;\"><br \/>\n<\/span><span style=\"font-weight: 400;\">\u2022 Ac\u00fastico<\/span><span style=\"font-weight: 400;\"><br \/>\n<\/span><span style=\"font-weight: 400;\">\u2022 Demolici\u00f3n<\/span><span style=\"font-weight: 400;\"><br \/>\n<\/span><span style=\"font-weight: 400;\">\u2022 Revestimiento de panel de yeso<\/span><span style=\"font-weight: 400;\"><br \/>\n<\/span><span style=\"font-weight: 400;\">\u2022 Revestimiento de cubierta<\/span><span style=\"font-weight: 400;\"><br \/>\n<\/span><span style=\"font-weight: 400;\">\u2022 Salpicadura<\/span><span style=\"font-weight: 400;\"><br \/>\n<\/span><span style=\"font-weight: 400;\">\u2022 Piel de Naranja<\/span><span style=\"font-weight: 400;\"><br \/>\n<\/span><span style=\"font-weight: 400;\">\u2022 Superposiciones finas de concreto<\/span><span style=\"font-weight: 400;\"><br \/>\n<\/span><span style=\"font-weight: 400;\">\u2022 Impermeabilizaci\u00f3n<\/span><span style=\"font-weight: 400;\"><br \/>\n<\/span><span style=\"font-weight: 400;\">\u2022 A prueba de fuego<\/span><\/p>\n<p><span style=\"font-weight: 400;\">PISTOLA DE TOLVA PRESURIZADA<\/span><span style=\"font-weight: 400;\"><br \/>\n<\/span><span style=\"font-weight: 400;\">\u2022 Sistema innovador que utiliza aire para aumentar el<\/span><span style=\"font-weight: 400;\"><br \/>\n<\/span><span style=\"font-weight: 400;\">rendimiento y ofrecer un acabado de pulverizaci\u00f3n excelente<\/span><span style=\"font-weight: 400;\"><br \/>\n<\/span><span style=\"font-weight: 400;\">Aproveche la potencia de un gran dispositivo de pulverizaci\u00f3n en la palma de su mano.<\/span><span style=\"font-weight: 400;\"><br \/>\n<\/span><span style=\"font-weight: 400;\">\u2022 FastFinish ofrece un acabado profesional a una velocidad<\/span><span style=\"font-weight: 400;\"><br \/>\n<\/span><span style=\"font-weight: 400;\">de v\u00e9rtigo y reduce dr\u00e1sticamente el tiempo de SUJECI\u00d3N<\/span><span style=\"font-weight: 400;\"><br \/>\n<\/span><span style=\"font-weight: 400;\">de una tolva de 10 kg llena en suspensi\u00f3n.<\/span><\/p>\n<p><span style=\"font-weight: 400;\">SISTEMA FASTFINISH TEXSPRAY INCLUYE<\/span><span style=\"font-weight: 400;\"><br \/>\n<\/span><span style=\"font-weight: 400;\">Boquillas de 4 mm, 6 mm, 8 mm<\/span><span style=\"font-weight: 400;\"><br \/>\n<\/span><span style=\"font-weight: 400;\">Kit de rociador de abanico WideT<\/span><span style=\"font-weight: 400;\"><br \/>\n<\/span><span style=\"font-weight: 400;\">Tolva sellada para mantener el material fresco<\/span><span style=\"font-weight: 400;\"><br \/>\n<\/span><span style=\"font-weight: 400;\">Manguera de aire de 3\/8 pulgada por 15m<\/span><\/p>\n","protected":false},"excerpt":{"rendered":"<p>La tolva sellada y presurizada mantiene los materiales frescos al tiempo que elimina los derrames que consumen mucho tiempo.<\/p>\n","protected":false},"featured_media":500,"template":"","meta":{"_acf_changed":false,"content-type":"","_uf_show_specific_survey":0,"_uf_disable_surveys":false},"product_brand":[],"product_cat":[93],"product_tag":[97,43,38,101],"class_list":{"0":"post-668","1":"product","2":"type-product","3":"status-publish","4":"has-post-thumbnail","6":"product_cat-arquitectonica","7":"product_tag-asesoria","8":"product_tag-con-pdf","9":"product_tag-graco","10":"product_tag-sin-precio","12":"first","13":"instock","14":"taxable","15":"shipping-taxable","16":"purchasable","17":"product-type-simple"},"acf":[],"_links":{"self":[{"href":"https:\/\/proindesa.com\/index.php?rest_route=\/wp\/v2\/product\/668","targetHints":{"allow":["GET"]}}],"collection":[{"href":"https:\/\/proindesa.com\/index.php?rest_route=\/wp\/v2\/product"}],"about":[{"href":"https:\/\/proindesa.com\/index.php?rest_route=\/wp\/v2\/types\/product"}],"wp:featuredmedia":[{"embeddable":true,"href":"https:\/\/proindesa.com\/index.php?rest_route=\/wp\/v2\/media\/500"}],"wp:attachment":[{"href":"https:\/\/proindesa.com\/index.php?rest_route=%2Fwp%2Fv2%2Fmedia&parent=668"}],"wp:term":[{"taxonomy":"product_brand","embeddable":true,"href":"https:\/\/proindesa.com\/index.php?rest_route=%2Fwp%2Fv2%2Fproduct_brand&post=668"},{"taxonomy":"product_cat","embeddable":true,"href":"https:\/\/proindesa.com\/index.php?rest_route=%2Fwp%2Fv2%2Fproduct_cat&post=668"},{"taxonomy":"product_tag","embeddable":true,"href":"https:\/\/proindesa.com\/index.php?rest_route=%2Fwp%2Fv2%2Fproduct_tag&post=668"}],"curies":[{"name":"wp","href":"https:\/\/api.w.org\/{rel}","templated":true}]}}