{"id":641,"date":"2024-05-15T20:30:14","date_gmt":"2024-05-15T18:30:14","guid":{"rendered":"http:\/\/proindesa.com\/wordpress\/product\/valvulas-divisoras-msp-serie-progresiva\/"},"modified":"2025-08-13T18:44:52","modified_gmt":"2025-08-13T16:44:52","slug":"valvulas-divisoras-msp-serie-progresiva","status":"publish","type":"product","link":"https:\/\/proindesa.com\/?product=valvulas-divisoras-msp-serie-progresiva","title":{"rendered":"V\u00e1lvulas divisoras msp \u2013 serie progresiva"},"content":{"rendered":"<p><span style=\"font-weight: 400;\">La Serie Trabon MSP define el est\u00e1ndar de la industria en cuanto a caracter\u00edsticas de calidad, confiabilidad y facilidad de uso. \u00a1Era la v\u00e1lvula divisora progresiva de la serie de estilo modular original y sigue siendo la mejor!<\/span><\/p>\n<p><span style=\"font-weight: 400;\">Las secciones de la v\u00e1lvula de cambio r\u00e1pido se pueden quitar del ensamble de la base sin alterar las l\u00edneas de lubricaci\u00f3n, lo que minimiza el costo de mano de obra y maximiza el tiempo de actividad de la m\u00e1quina.<\/span><span style=\"font-weight: 400;\"><br \/>\n<\/span><span style=\"font-weight: 400;\">Los accesorios como los indicadores de ciclo de interruptor de proximidad magn\u00e9tico y electr\u00f3nico brindan una garant\u00eda positiva de un evento de lubricaci\u00f3n exitoso.<\/span><span style=\"font-weight: 400;\"><br \/>\n<\/span><span style=\"font-weight: 400;\">La salida alternativa en la cara de las v\u00e1lvulas se puede equipar con indicadores de rendimiento opcionales, lo que elimina las conjeturas en la resoluci\u00f3n de problemas.<\/span><span style=\"font-weight: 400;\"><br \/>\n<\/span><span style=\"font-weight: 400;\">Las v\u00e1lvulas de retenci\u00f3n de salida integradas garantizan una entrega precisa de lubricante en todo momento.<\/span><\/p>\n<p><span style=\"font-weight: 400;\">CARACTER\u00cdSTICAS T\u00c9CNICAS<\/span><span style=\"font-weight: 400;\"><br \/>\n<\/span><span style=\"font-weight: 400;\">Aplicaci\u00f3n: Veh\u00edculos de carretera, Equipos todoterreno, En Planta<\/span><span style=\"font-weight: 400;\"><br \/>\n<\/span><span style=\"font-weight: 400;\">Grado m\u00e1ximo de NLGI: #2<\/span><span style=\"font-weight: 400;\"><br \/>\n<\/span><span style=\"font-weight: 400;\">Indicador de ciclos: Indicador de ciclos<\/span><span style=\"font-weight: 400;\"><br \/>\n<\/span><span style=\"font-weight: 400;\">Material: Acero al carbono<\/span><span style=\"font-weight: 400;\"><br \/>\n<\/span><span style=\"font-weight: 400;\">Material compatible: Aceite, Grasa<\/span><span style=\"font-weight: 400;\"><br \/>\n<\/span><span style=\"font-weight: 400;\">Modelo: Trabon<\/span><span style=\"font-weight: 400;\"><br \/>\n<\/span><span style=\"font-weight: 400;\">N\u00famero de salidas: 1<\/span><span style=\"font-weight: 400;\"><br \/>\n<\/span><span style=\"font-weight: 400;\">Presi\u00f3n de trabajo m\u00e1xima (bar): 241<\/span><span style=\"font-weight: 400;\"><br \/>\n<\/span><span style=\"font-weight: 400;\">Presi\u00f3n de trabajo m\u00e1xima (kPa): 24100<\/span><span style=\"font-weight: 400;\"><br \/>\n<\/span><span style=\"font-weight: 400;\">Presi\u00f3n de trabajo m\u00e1xima (psi): 3500<\/span><span style=\"font-weight: 400;\"><br \/>\n<\/span><span style=\"font-weight: 400;\">Serie: MSP<\/span><span style=\"font-weight: 400;\"><br \/>\n<\/span><span style=\"font-weight: 400;\">Serie de v\u00e1lvula divisora: MSP<\/span><span style=\"font-weight: 400;\"><br \/>\n<\/span><span style=\"font-weight: 400;\">Tipo: V\u00e1lvula divisora<\/span><\/p>\n","protected":false},"excerpt":{"rendered":"<p><span style=\"font-weight: 400;\">Material: Acero al carbono Material compatible: Aceite, Grasa Modelo: Trabon<\/span><\/p>\n","protected":false},"featured_media":476,"template":"","meta":{"_acf_changed":false,"content-type":"","_uf_show_specific_survey":0,"_uf_disable_surveys":false},"product_brand":[],"product_cat":[21],"product_tag":[97,43,38,101],"class_list":{"0":"post-641","1":"product","2":"type-product","3":"status-publish","4":"has-post-thumbnail","6":"product_cat-lubricacion","7":"product_tag-asesoria","8":"product_tag-con-pdf","9":"product_tag-graco","10":"product_tag-sin-precio","12":"first","13":"instock","14":"taxable","15":"shipping-taxable","16":"purchasable","17":"product-type-simple"},"acf":[],"_links":{"self":[{"href":"https:\/\/proindesa.com\/index.php?rest_route=\/wp\/v2\/product\/641","targetHints":{"allow":["GET"]}}],"collection":[{"href":"https:\/\/proindesa.com\/index.php?rest_route=\/wp\/v2\/product"}],"about":[{"href":"https:\/\/proindesa.com\/index.php?rest_route=\/wp\/v2\/types\/product"}],"wp:featuredmedia":[{"embeddable":true,"href":"https:\/\/proindesa.com\/index.php?rest_route=\/wp\/v2\/media\/476"}],"wp:attachment":[{"href":"https:\/\/proindesa.com\/index.php?rest_route=%2Fwp%2Fv2%2Fmedia&parent=641"}],"wp:term":[{"taxonomy":"product_brand","embeddable":true,"href":"https:\/\/proindesa.com\/index.php?rest_route=%2Fwp%2Fv2%2Fproduct_brand&post=641"},{"taxonomy":"product_cat","embeddable":true,"href":"https:\/\/proindesa.com\/index.php?rest_route=%2Fwp%2Fv2%2Fproduct_cat&post=641"},{"taxonomy":"product_tag","embeddable":true,"href":"https:\/\/proindesa.com\/index.php?rest_route=%2Fwp%2Fv2%2Fproduct_tag&post=641"}],"curies":[{"name":"wp","href":"https:\/\/api.w.org\/{rel}","templated":true}]}}