{"id":3559,"date":"2025-07-30T16:05:11","date_gmt":"2025-07-30T14:05:11","guid":{"rendered":"https:\/\/proindesa.com\/producto\/orejeras-para-casco-3m-peltor-x5p5e-negro\/"},"modified":"2025-08-19T01:07:39","modified_gmt":"2025-08-18T23:07:39","slug":"orejeras-para-casco-3m-peltor-x5p5e-negro","status":"publish","type":"product","link":"https:\/\/proindesa.com\/?product=orejeras-para-casco-3m-peltor-x5p5e-negro","title":{"rendered":"Orejeras marca 3M peltor para casco x5p5e, negro, 31db"},"content":{"rendered":"<p style=\"text-align: right;\">7100314718<\/p>\n<p><span class=\"Y2IQFc\" lang=\"es\">Las orejeras 3M\u2122 PELTOR\u2122 Serie X ofrecen comodidad, dise\u00f1o y protecci\u00f3n en una l\u00ednea innovadora de orejeras. <\/span><\/p>\n<p><span class=\"Y2IQFc\" lang=\"es\">Adem\u00e1s, estos protectores auditivos tienen puntos de pivote que se inclinan para lograr una comodidad y eficiencia \u00f3ptimas, as\u00ed como almohadillas reemplazables y revestimientos de espuma para ayudar a garantizar una reducci\u00f3n de ruido, higiene y comodidad aceptables.<\/span><\/p>\n<p><span class=\"Y2IQFc\" lang=\"es\"><strong>Detalles<\/strong> <\/span><\/p>\n<ul>\n<li class=\"tw-data-text tw-text-large tw-ta\" dir=\"ltr\" data-placeholder=\"Traducci\u00f3n\" aria-label=\"Texto traducido: Detalles \u00cdndice de Reducci\u00f3n de Ruido (NRR) de 31 dB Puntos de pivote de los auriculares inclinables para una comodidad y eficiencia \u00f3ptimas Espuma de alta densidad y recuperaci\u00f3n lenta Almohadillas y forros de espuma reemplazables (kit de higiene HYX5) Sistema de Validaci\u00f3n Dual Ear 3M\u2122 E-A-Rfit\u2122, comprobable Las orejeras 3M\u2122 PELTOR\u2122 X5 son protectores auditivos de alto rendimiento dise\u00f1ados para entornos con ruido muy alto; ofrecen un \u00cdndice de Reducci\u00f3n de Ruido (NRR) de 31 dB para modelos de diadema, con casco y de ajuste posterior a la cabeza. La alta atenuaci\u00f3n que proporcionan estas orejeras se debe a la combinaci\u00f3n de espuma especialmente formulada en los auriculares y las almohadillas con un innovador dise\u00f1o de espaciador y copa. Las orejeras 3M\u2122 PELTOR\u2122 Serie X ofrecen comodidad, dise\u00f1o y protecci\u00f3n en una l\u00ednea innovadora de orejeras. Adem\u00e1s, estos protectores auditivos tienen puntos de pivote que se inclinan para lograr una comodidad y eficiencia \u00f3ptimas, as\u00ed como almohadillas reemplazables y revestimientos de espuma para ayudar a garantizar una reducci\u00f3n de ruido, higiene y comodidad aceptables.\" data-ved=\"2ahUKEwjqoMnrupWPAxX1QzABHZK0MOYQ3ewLegQIFBAV\"><span class=\"Y2IQFc\" lang=\"es\">\u00cdndice de Reducci\u00f3n de Ruido (NRR) de 31 dB <\/span><\/li>\n<li class=\"tw-data-text tw-text-large tw-ta\" dir=\"ltr\" data-placeholder=\"Traducci\u00f3n\" aria-label=\"Texto traducido: Detalles \u00cdndice de Reducci\u00f3n de Ruido (NRR) de 31 dB Puntos de pivote de los auriculares inclinables para una comodidad y eficiencia \u00f3ptimas Espuma de alta densidad y recuperaci\u00f3n lenta Almohadillas y forros de espuma reemplazables (kit de higiene HYX5) Sistema de Validaci\u00f3n Dual Ear 3M\u2122 E-A-Rfit\u2122, comprobable Las orejeras 3M\u2122 PELTOR\u2122 X5 son protectores auditivos de alto rendimiento dise\u00f1ados para entornos con ruido muy alto; ofrecen un \u00cdndice de Reducci\u00f3n de Ruido (NRR) de 31 dB para modelos de diadema, con casco y de ajuste posterior a la cabeza. La alta atenuaci\u00f3n que proporcionan estas orejeras se debe a la combinaci\u00f3n de espuma especialmente formulada en los auriculares y las almohadillas con un innovador dise\u00f1o de espaciador y copa. Las orejeras 3M\u2122 PELTOR\u2122 Serie X ofrecen comodidad, dise\u00f1o y protecci\u00f3n en una l\u00ednea innovadora de orejeras. Adem\u00e1s, estos protectores auditivos tienen puntos de pivote que se inclinan para lograr una comodidad y eficiencia \u00f3ptimas, as\u00ed como almohadillas reemplazables y revestimientos de espuma para ayudar a garantizar una reducci\u00f3n de ruido, higiene y comodidad aceptables.\" data-ved=\"2ahUKEwjqoMnrupWPAxX1QzABHZK0MOYQ3ewLegQIFBAV\"><span class=\"Y2IQFc\" lang=\"es\">Puntos de pivote de los auriculares inclinables para una comodidad y eficiencia \u00f3ptimas <\/span><\/li>\n<li class=\"tw-data-text tw-text-large tw-ta\" dir=\"ltr\" data-placeholder=\"Traducci\u00f3n\" aria-label=\"Texto traducido: Detalles \u00cdndice de Reducci\u00f3n de Ruido (NRR) de 31 dB Puntos de pivote de los auriculares inclinables para una comodidad y eficiencia \u00f3ptimas Espuma de alta densidad y recuperaci\u00f3n lenta Almohadillas y forros de espuma reemplazables (kit de higiene HYX5) Sistema de Validaci\u00f3n Dual Ear 3M\u2122 E-A-Rfit\u2122, comprobable Las orejeras 3M\u2122 PELTOR\u2122 X5 son protectores auditivos de alto rendimiento dise\u00f1ados para entornos con ruido muy alto; ofrecen un \u00cdndice de Reducci\u00f3n de Ruido (NRR) de 31 dB para modelos de diadema, con casco y de ajuste posterior a la cabeza. La alta atenuaci\u00f3n que proporcionan estas orejeras se debe a la combinaci\u00f3n de espuma especialmente formulada en los auriculares y las almohadillas con un innovador dise\u00f1o de espaciador y copa. Las orejeras 3M\u2122 PELTOR\u2122 Serie X ofrecen comodidad, dise\u00f1o y protecci\u00f3n en una l\u00ednea innovadora de orejeras. Adem\u00e1s, estos protectores auditivos tienen puntos de pivote que se inclinan para lograr una comodidad y eficiencia \u00f3ptimas, as\u00ed como almohadillas reemplazables y revestimientos de espuma para ayudar a garantizar una reducci\u00f3n de ruido, higiene y comodidad aceptables.\" data-ved=\"2ahUKEwjqoMnrupWPAxX1QzABHZK0MOYQ3ewLegQIFBAV\"><span class=\"Y2IQFc\" lang=\"es\">Espuma de alta densidad y recuperaci\u00f3n lenta <\/span><\/li>\n<li class=\"tw-data-text tw-text-large tw-ta\" dir=\"ltr\" data-placeholder=\"Traducci\u00f3n\" aria-label=\"Texto traducido: Detalles \u00cdndice de Reducci\u00f3n de Ruido (NRR) de 31 dB Puntos de pivote de los auriculares inclinables para una comodidad y eficiencia \u00f3ptimas Espuma de alta densidad y recuperaci\u00f3n lenta Almohadillas y forros de espuma reemplazables (kit de higiene HYX5) Sistema de Validaci\u00f3n Dual Ear 3M\u2122 E-A-Rfit\u2122, comprobable Las orejeras 3M\u2122 PELTOR\u2122 X5 son protectores auditivos de alto rendimiento dise\u00f1ados para entornos con ruido muy alto; ofrecen un \u00cdndice de Reducci\u00f3n de Ruido (NRR) de 31 dB para modelos de diadema, con casco y de ajuste posterior a la cabeza. La alta atenuaci\u00f3n que proporcionan estas orejeras se debe a la combinaci\u00f3n de espuma especialmente formulada en los auriculares y las almohadillas con un innovador dise\u00f1o de espaciador y copa. Las orejeras 3M\u2122 PELTOR\u2122 Serie X ofrecen comodidad, dise\u00f1o y protecci\u00f3n en una l\u00ednea innovadora de orejeras. Adem\u00e1s, estos protectores auditivos tienen puntos de pivote que se inclinan para lograr una comodidad y eficiencia \u00f3ptimas, as\u00ed como almohadillas reemplazables y revestimientos de espuma para ayudar a garantizar una reducci\u00f3n de ruido, higiene y comodidad aceptables.\" data-ved=\"2ahUKEwjqoMnrupWPAxX1QzABHZK0MOYQ3ewLegQIFBAV\"><span class=\"Y2IQFc\" lang=\"es\">Almohadillas y forros de espuma reemplazables (kit de higiene HYX5) <\/span><\/li>\n<li class=\"tw-data-text tw-text-large tw-ta\" dir=\"ltr\" data-placeholder=\"Traducci\u00f3n\" aria-label=\"Texto traducido: Detalles \u00cdndice de Reducci\u00f3n de Ruido (NRR) de 31 dB Puntos de pivote de los auriculares inclinables para una comodidad y eficiencia \u00f3ptimas Espuma de alta densidad y recuperaci\u00f3n lenta Almohadillas y forros de espuma reemplazables (kit de higiene HYX5) Sistema de Validaci\u00f3n Dual Ear 3M\u2122 E-A-Rfit\u2122, comprobable Las orejeras 3M\u2122 PELTOR\u2122 X5 son protectores auditivos de alto rendimiento dise\u00f1ados para entornos con ruido muy alto; ofrecen un \u00cdndice de Reducci\u00f3n de Ruido (NRR) de 31 dB para modelos de diadema, con casco y de ajuste posterior a la cabeza. La alta atenuaci\u00f3n que proporcionan estas orejeras se debe a la combinaci\u00f3n de espuma especialmente formulada en los auriculares y las almohadillas con un innovador dise\u00f1o de espaciador y copa. Las orejeras 3M\u2122 PELTOR\u2122 Serie X ofrecen comodidad, dise\u00f1o y protecci\u00f3n en una l\u00ednea innovadora de orejeras. Adem\u00e1s, estos protectores auditivos tienen puntos de pivote que se inclinan para lograr una comodidad y eficiencia \u00f3ptimas, as\u00ed como almohadillas reemplazables y revestimientos de espuma para ayudar a garantizar una reducci\u00f3n de ruido, higiene y comodidad aceptables.\" data-ved=\"2ahUKEwjqoMnrupWPAxX1QzABHZK0MOYQ3ewLegQIFBAV\"><span class=\"Y2IQFc\" lang=\"es\">Sistema de Validaci\u00f3n Dual Ear 3M\u2122 E-A-Rfit\u2122, comprobable <\/span><\/li>\n<li class=\"tw-data-text tw-text-large tw-ta\" dir=\"ltr\" data-placeholder=\"Traducci\u00f3n\" aria-label=\"Texto traducido: Detalles \u00cdndice de Reducci\u00f3n de Ruido (NRR) de 31 dB Puntos de pivote de los auriculares inclinables para una comodidad y eficiencia \u00f3ptimas Espuma de alta densidad y recuperaci\u00f3n lenta Almohadillas y forros de espuma reemplazables (kit de higiene HYX5) Sistema de Validaci\u00f3n Dual Ear 3M\u2122 E-A-Rfit\u2122, comprobable Las orejeras 3M\u2122 PELTOR\u2122 X5 son protectores auditivos de alto rendimiento dise\u00f1ados para entornos con ruido muy alto; ofrecen un \u00cdndice de Reducci\u00f3n de Ruido (NRR) de 31 dB para modelos de diadema, con casco y de ajuste posterior a la cabeza. La alta atenuaci\u00f3n que proporcionan estas orejeras se debe a la combinaci\u00f3n de espuma especialmente formulada en los auriculares y las almohadillas con un innovador dise\u00f1o de espaciador y copa. Las orejeras 3M\u2122 PELTOR\u2122 Serie X ofrecen comodidad, dise\u00f1o y protecci\u00f3n en una l\u00ednea innovadora de orejeras. Adem\u00e1s, estos protectores auditivos tienen puntos de pivote que se inclinan para lograr una comodidad y eficiencia \u00f3ptimas, as\u00ed como almohadillas reemplazables y revestimientos de espuma para ayudar a garantizar una reducci\u00f3n de ruido, higiene y comodidad aceptables.\" data-ved=\"2ahUKEwjqoMnrupWPAxX1QzABHZK0MOYQ3ewLegQIFBAV\"><span class=\"Y2IQFc\" lang=\"es\">Las orejeras 3M\u2122 PELTOR\u2122 X5 son protectores auditivos de alto rendimiento dise\u00f1ados para entornos con ruido muy alto; ofrecen un \u00cdndice de <\/span><\/li>\n<li class=\"tw-data-text tw-text-large tw-ta\" dir=\"ltr\" data-placeholder=\"Traducci\u00f3n\" aria-label=\"Texto traducido: Detalles \u00cdndice de Reducci\u00f3n de Ruido (NRR) de 31 dB Puntos de pivote de los auriculares inclinables para una comodidad y eficiencia \u00f3ptimas Espuma de alta densidad y recuperaci\u00f3n lenta Almohadillas y forros de espuma reemplazables (kit de higiene HYX5) Sistema de Validaci\u00f3n Dual Ear 3M\u2122 E-A-Rfit\u2122, comprobable Las orejeras 3M\u2122 PELTOR\u2122 X5 son protectores auditivos de alto rendimiento dise\u00f1ados para entornos con ruido muy alto; ofrecen un \u00cdndice de Reducci\u00f3n de Ruido (NRR) de 31 dB para modelos de diadema, con casco y de ajuste posterior a la cabeza. La alta atenuaci\u00f3n que proporcionan estas orejeras se debe a la combinaci\u00f3n de espuma especialmente formulada en los auriculares y las almohadillas con un innovador dise\u00f1o de espaciador y copa. Las orejeras 3M\u2122 PELTOR\u2122 Serie X ofrecen comodidad, dise\u00f1o y protecci\u00f3n en una l\u00ednea innovadora de orejeras. Adem\u00e1s, estos protectores auditivos tienen puntos de pivote que se inclinan para lograr una comodidad y eficiencia \u00f3ptimas, as\u00ed como almohadillas reemplazables y revestimientos de espuma para ayudar a garantizar una reducci\u00f3n de ruido, higiene y comodidad aceptables.\" data-ved=\"2ahUKEwjqoMnrupWPAxX1QzABHZK0MOYQ3ewLegQIFBAV\"><span class=\"Y2IQFc\" lang=\"es\">Reducci\u00f3n de Ruido (NRR) de 31 dB para modelos de diadema, con casco y de ajuste posterior a la cabeza. <\/span><\/li>\n<li class=\"tw-data-text tw-text-large tw-ta\" dir=\"ltr\" data-placeholder=\"Traducci\u00f3n\" aria-label=\"Texto traducido: Detalles \u00cdndice de Reducci\u00f3n de Ruido (NRR) de 31 dB Puntos de pivote de los auriculares inclinables para una comodidad y eficiencia \u00f3ptimas Espuma de alta densidad y recuperaci\u00f3n lenta Almohadillas y forros de espuma reemplazables (kit de higiene HYX5) Sistema de Validaci\u00f3n Dual Ear 3M\u2122 E-A-Rfit\u2122, comprobable Las orejeras 3M\u2122 PELTOR\u2122 X5 son protectores auditivos de alto rendimiento dise\u00f1ados para entornos con ruido muy alto; ofrecen un \u00cdndice de Reducci\u00f3n de Ruido (NRR) de 31 dB para modelos de diadema, con casco y de ajuste posterior a la cabeza. La alta atenuaci\u00f3n que proporcionan estas orejeras se debe a la combinaci\u00f3n de espuma especialmente formulada en los auriculares y las almohadillas con un innovador dise\u00f1o de espaciador y copa. Las orejeras 3M\u2122 PELTOR\u2122 Serie X ofrecen comodidad, dise\u00f1o y protecci\u00f3n en una l\u00ednea innovadora de orejeras. Adem\u00e1s, estos protectores auditivos tienen puntos de pivote que se inclinan para lograr una comodidad y eficiencia \u00f3ptimas, as\u00ed como almohadillas reemplazables y revestimientos de espuma para ayudar a garantizar una reducci\u00f3n de ruido, higiene y comodidad aceptables.\" data-ved=\"2ahUKEwjqoMnrupWPAxX1QzABHZK0MOYQ3ewLegQIFBAV\"><span class=\"Y2IQFc\" lang=\"es\">La alta atenuaci\u00f3n que proporcionan estas orejeras se debe a la combinaci\u00f3n de espuma especialmente formulada en los auriculares y las almohadillas con un innovador dise\u00f1o de espaciador y copa. <\/span><\/li>\n<\/ul>\n","protected":false},"excerpt":{"rendered":"<p>7100314718 Las orejeras 3M\u2122 PELTOR\u2122 Serie X ofrecen comodidad, dise\u00f1o y protecci\u00f3n en una l\u00ednea innovadora de orejeras. Adem\u00e1s, estos protectores auditivos tienen puntos de pivote que se inclinan para lograr una comodidad y eficiencia \u00f3ptimas, as\u00ed como almohadillas reemplazables y revestimientos de espuma para ayudar a garantizar una reducci\u00f3n de ruido, higiene y comodidad [&hellip;]<\/p>\n","protected":false},"featured_media":3650,"template":"","meta":{"_acf_changed":false,"content-type":"","_uf_show_specific_survey":0,"_uf_disable_surveys":false},"product_brand":[130,135],"product_cat":[115,120],"product_tag":[35,125],"class_list":{"0":"post-3559","1":"product","2":"type-product","3":"status-publish","4":"has-post-thumbnail","6":"product_brand-3m","7":"product_brand-peltor","8":"product_cat-equipo-de-seguridad-industrial","9":"product_cat-proteccion-auditiva","10":"product_tag-3m","11":"product_tag-seguridad-industrial","13":"first","14":"instock","15":"taxable","16":"shipping-taxable","17":"product-type-simple"},"acf":[],"_links":{"self":[{"href":"https:\/\/proindesa.com\/index.php?rest_route=\/wp\/v2\/product\/3559","targetHints":{"allow":["GET"]}}],"collection":[{"href":"https:\/\/proindesa.com\/index.php?rest_route=\/wp\/v2\/product"}],"about":[{"href":"https:\/\/proindesa.com\/index.php?rest_route=\/wp\/v2\/types\/product"}],"wp:featuredmedia":[{"embeddable":true,"href":"https:\/\/proindesa.com\/index.php?rest_route=\/wp\/v2\/media\/3650"}],"wp:attachment":[{"href":"https:\/\/proindesa.com\/index.php?rest_route=%2Fwp%2Fv2%2Fmedia&parent=3559"}],"wp:term":[{"taxonomy":"product_brand","embeddable":true,"href":"https:\/\/proindesa.com\/index.php?rest_route=%2Fwp%2Fv2%2Fproduct_brand&post=3559"},{"taxonomy":"product_cat","embeddable":true,"href":"https:\/\/proindesa.com\/index.php?rest_route=%2Fwp%2Fv2%2Fproduct_cat&post=3559"},{"taxonomy":"product_tag","embeddable":true,"href":"https:\/\/proindesa.com\/index.php?rest_route=%2Fwp%2Fv2%2Fproduct_tag&post=3559"}],"curies":[{"name":"wp","href":"https:\/\/api.w.org\/{rel}","templated":true}]}}