{"id":3444,"date":"2025-07-30T16:04:11","date_gmt":"2025-07-30T14:04:11","guid":{"rendered":"https:\/\/proindesa.com\/?post_type=product&#038;p=3444"},"modified":"2025-08-13T18:46:05","modified_gmt":"2025-08-13T16:46:05","slug":"optomatic-compensadores-de-aceite-de-nivel-constante-trico-2","status":"publish","type":"product","link":"https:\/\/proindesa.com\/?product=optomatic-compensadores-de-aceite-de-nivel-constante-trico-2","title":{"rendered":"Optomatic compensadores de aceite de nivel constante trico \u00ae"},"content":{"rendered":"<p>El lubricador Opto-Matic de sistema cerrado est\u00e1 dise\u00f1ado para todo tipo de equipos en los que se debe mantener un nivel constante en una carcasa de aceite.<br \/>\nEl dise\u00f1o de sistema cerrado evita la contaminaci\u00f3n y los derrames. El collar ajustable permite que el nivel de aceite se ajuste externamente al nivel deseado. Se proporciona un puerto de 1\/8 NPT para una l\u00ednea de ventilaci\u00f3n de regreso a la carcasa para permitir el equilibrio de presi\u00f3n entre el engrasador y la carcasa. Descripci\u00f3n del producto<br \/>\nEl dep\u00f3sito de vidrio de una pieza garantiza un funcionamiento de nivel constante adecuado. En comparaci\u00f3n con los modelos de la competencia, no hay posibilidad de fuga de aire que provoque el sobrellenado de la carcasa.<br \/>\nLa configuraci\u00f3n de nivel ajustable permite su uso en muchas aplicaciones<br \/>\nLa parte inferior del collar\u00edn de ajuste indica el ajuste real del nivel de aceite para facilitar la instalaci\u00f3n y el mantenimiento<br \/>\nConexiones laterales e inferiores para una instalaci\u00f3n simplificada<br \/>\nMirilla de dos pulgadas disponible para ver f\u00e1cilmente el nivel de aceite<br \/>\nEngrasadores Opto-Matic de sistema cerrado con c\u00f3digo de color para que coincidan con los contenedores dispensadores de lubricante, como los contenedores de aceite Spectrum, para evitar la contaminaci\u00f3n cruzada y la aplicaci\u00f3n incorrecta del lubricante.<\/p>\n","protected":false},"excerpt":{"rendered":"<p>Dise\u00f1ado para todo tipo de equipos en los que se debe mantener un nivel constante en una carcasa de aceite.<\/p>\n","protected":false},"featured_media":478,"template":"","meta":{"_acf_changed":false,"content-type":"","_uf_show_specific_survey":0,"_uf_disable_surveys":false},"product_brand":[],"product_cat":[90],"product_tag":[97,101,41],"class_list":{"0":"post-3444","1":"product","2":"type-product","3":"status-publish","4":"has-post-thumbnail","6":"product_cat-acondicionamiento-y-cuidado-de-lubricantes","7":"product_tag-asesoria","8":"product_tag-sin-precio","9":"product_tag-trico","11":"first","12":"instock","13":"taxable","14":"shipping-taxable","15":"purchasable","16":"product-type-simple"},"acf":[],"_links":{"self":[{"href":"https:\/\/proindesa.com\/index.php?rest_route=\/wp\/v2\/product\/3444","targetHints":{"allow":["GET"]}}],"collection":[{"href":"https:\/\/proindesa.com\/index.php?rest_route=\/wp\/v2\/product"}],"about":[{"href":"https:\/\/proindesa.com\/index.php?rest_route=\/wp\/v2\/types\/product"}],"wp:featuredmedia":[{"embeddable":true,"href":"https:\/\/proindesa.com\/index.php?rest_route=\/wp\/v2\/media\/478"}],"wp:attachment":[{"href":"https:\/\/proindesa.com\/index.php?rest_route=%2Fwp%2Fv2%2Fmedia&parent=3444"}],"wp:term":[{"taxonomy":"product_brand","embeddable":true,"href":"https:\/\/proindesa.com\/index.php?rest_route=%2Fwp%2Fv2%2Fproduct_brand&post=3444"},{"taxonomy":"product_cat","embeddable":true,"href":"https:\/\/proindesa.com\/index.php?rest_route=%2Fwp%2Fv2%2Fproduct_cat&post=3444"},{"taxonomy":"product_tag","embeddable":true,"href":"https:\/\/proindesa.com\/index.php?rest_route=%2Fwp%2Fv2%2Fproduct_tag&post=3444"}],"curies":[{"name":"wp","href":"https:\/\/api.w.org\/{rel}","templated":true}]}}