{"id":3438,"date":"2025-07-30T16:04:10","date_gmt":"2025-07-30T14:04:10","guid":{"rendered":"https:\/\/proindesa.com\/?post_type=product&#038;p=3438"},"modified":"2025-08-13T18:46:04","modified_gmt":"2025-08-13T16:46:04","slug":"inyectores-gl-11-para-grasa-2","status":"publish","type":"product","link":"https:\/\/proindesa.com\/?product=inyectores-gl-11-para-grasa-2","title":{"rendered":"Inyectores gl-11 para grasa"},"content":{"rendered":"<p><span style=\"font-weight: 400;\">Salida de alto volumen a altas presiones para las aplicaciones m\u00e1s exigentes.<\/span><span style=\"font-weight: 400;\"><br \/>\n<\/span><span style=\"font-weight: 400;\">Sistema dosificador resistente de media presi\u00f3n para bombear grasa; ideal para aplicaciones m\u00e1s pesadas, como veh\u00edculos mineros m\u00f3viles, molienda, plantas dosificadoras de cemento o equipos de procesamiento de materiales.<\/span><span style=\"font-weight: 400;\"><br \/>\n<\/span><span style=\"font-weight: 400;\">Vol\u00famenes de salida ajustables para adaptar el sistema a la medida de cada punto de lubricaci\u00f3n.<\/span><span style=\"font-weight: 400;\"><br \/>\n<\/span><span style=\"font-weight: 400;\">El conveniente indicador de pasador de ciclo montado en la parte superior proporciona una confirmaci\u00f3n r\u00e1pida y de un vistazo de que el inyector est\u00e1 funcionando correctamente.<\/span><\/p>\n<p><span style=\"font-weight: 400;\">Ajuste de cabeza hexagonal para facilitar el giro desde casi cualquier orientaci\u00f3n<\/span><span style=\"font-weight: 400;\"><br \/>\n<\/span><span style=\"font-weight: 400;\">CARACTER\u00cdSTICAS T\u00c9CNICAS<\/span><span style=\"font-weight: 400;\"><br \/>\n<\/span><span style=\"font-weight: 400;\">Ajustable<\/span><span style=\"font-weight: 400;\"><br \/>\n<\/span><span style=\"font-weight: 400;\">Aplicaci\u00f3n Maquinaria en planta, Equipo fuera de carretera<\/span><span style=\"font-weight: 400;\"><br \/>\n<\/span><span style=\"font-weight: 400;\">Material compatible: Grasa<\/span><span style=\"font-weight: 400;\"><br \/>\n<\/span><span style=\"font-weight: 400;\">Dispositivo de medici\u00f3n compatible: L\u00ednea \u00fanica paralela<\/span><span style=\"font-weight: 400;\"><br \/>\n<\/span><span style=\"font-weight: 400;\">Para usar con sistemas de lubricaci\u00f3n autom\u00e1tica paralelos de una sola l\u00ednea<\/span><span style=\"font-weight: 400;\"><br \/>\n<\/span><span style=\"font-weight: 400;\">Tama\u00f1o de entrada (pulgadas) 1\/2<\/span><\/p>\n","protected":false},"excerpt":{"rendered":"<p><span style=\"font-weight: 400;\">Ajustable Aplicaci\u00f3n Maquinaria en planta, equipo fuera de carretera. Material compatible: Grasa<\/span><\/p>\n","protected":false},"featured_media":473,"template":"","meta":{"_acf_changed":false,"content-type":"","_uf_show_specific_survey":0,"_uf_disable_surveys":false},"product_brand":[],"product_cat":[21],"product_tag":[97,43,38,101],"class_list":{"0":"post-3438","1":"product","2":"type-product","3":"status-publish","4":"has-post-thumbnail","6":"product_cat-lubricacion","7":"product_tag-asesoria","8":"product_tag-con-pdf","9":"product_tag-graco","10":"product_tag-sin-precio","12":"first","13":"instock","14":"taxable","15":"shipping-taxable","16":"purchasable","17":"product-type-simple"},"acf":[],"_links":{"self":[{"href":"https:\/\/proindesa.com\/index.php?rest_route=\/wp\/v2\/product\/3438","targetHints":{"allow":["GET"]}}],"collection":[{"href":"https:\/\/proindesa.com\/index.php?rest_route=\/wp\/v2\/product"}],"about":[{"href":"https:\/\/proindesa.com\/index.php?rest_route=\/wp\/v2\/types\/product"}],"wp:featuredmedia":[{"embeddable":true,"href":"https:\/\/proindesa.com\/index.php?rest_route=\/wp\/v2\/media\/473"}],"wp:attachment":[{"href":"https:\/\/proindesa.com\/index.php?rest_route=%2Fwp%2Fv2%2Fmedia&parent=3438"}],"wp:term":[{"taxonomy":"product_brand","embeddable":true,"href":"https:\/\/proindesa.com\/index.php?rest_route=%2Fwp%2Fv2%2Fproduct_brand&post=3438"},{"taxonomy":"product_cat","embeddable":true,"href":"https:\/\/proindesa.com\/index.php?rest_route=%2Fwp%2Fv2%2Fproduct_cat&post=3438"},{"taxonomy":"product_tag","embeddable":true,"href":"https:\/\/proindesa.com\/index.php?rest_route=%2Fwp%2Fv2%2Fproduct_tag&post=3438"}],"curies":[{"name":"wp","href":"https:\/\/api.w.org\/{rel}","templated":true}]}}