{"id":3419,"date":"2025-07-30T16:03:55","date_gmt":"2025-07-30T14:03:55","guid":{"rendered":"https:\/\/proindesa.com\/?post_type=product&#038;p=3419"},"modified":"2025-08-13T18:45:58","modified_gmt":"2025-08-13T16:45:58","slug":"cp-hasta-11-kw-2","status":"publish","type":"product","link":"https:\/\/proindesa.com\/?product=cp-hasta-11-kw-2","title":{"rendered":"Cp hasta 11 kw"},"content":{"rendered":"<p>Tipo: Agua limpia<br \/>\nAplicaciones: Civil, Industrial, Agricultura<br \/>\nUsos: Abastecimiento de agua, Sistemas de acondicionamiento, Sistemas de presi\u00f3n, Sistemas de enfriamiento, Irrigaci\u00f3n, Transferencia de agua<br \/>\nTipolog\u00eda: Superficie<br \/>\nFamilia: Centr\u00edfugas<\/p>\n","protected":false},"excerpt":{"rendered":"<p>Usos: Abastecimiento de agua, Sistemas de acondicionamiento, Sistemas de presi\u00f3n, Sistemas de enfriamiento, Irrigaci\u00f3n, Transferencia de agua Tipolog\u00eda: Superficie Familia: Centr\u00edfugas<\/p>\n","protected":false},"featured_media":402,"template":"","meta":{"_acf_changed":false,"content-type":"","_uf_show_specific_survey":0,"_uf_disable_surveys":false},"product_brand":[],"product_cat":[84],"product_tag":[97,40,101,98,99],"class_list":{"0":"post-3419","1":"product","2":"type-product","3":"status-publish","4":"has-post-thumbnail","6":"product_cat-bombas-centrifugas","7":"product_tag-asesoria","8":"product_tag-pedrollo","9":"product_tag-sin-precio","10":"product_tag-sin-whatsapp","11":"product_tag-solo-form","13":"first","14":"instock","15":"taxable","16":"shipping-taxable","17":"purchasable","18":"product-type-simple"},"acf":[],"_links":{"self":[{"href":"https:\/\/proindesa.com\/index.php?rest_route=\/wp\/v2\/product\/3419","targetHints":{"allow":["GET"]}}],"collection":[{"href":"https:\/\/proindesa.com\/index.php?rest_route=\/wp\/v2\/product"}],"about":[{"href":"https:\/\/proindesa.com\/index.php?rest_route=\/wp\/v2\/types\/product"}],"wp:featuredmedia":[{"embeddable":true,"href":"https:\/\/proindesa.com\/index.php?rest_route=\/wp\/v2\/media\/402"}],"wp:attachment":[{"href":"https:\/\/proindesa.com\/index.php?rest_route=%2Fwp%2Fv2%2Fmedia&parent=3419"}],"wp:term":[{"taxonomy":"product_brand","embeddable":true,"href":"https:\/\/proindesa.com\/index.php?rest_route=%2Fwp%2Fv2%2Fproduct_brand&post=3419"},{"taxonomy":"product_cat","embeddable":true,"href":"https:\/\/proindesa.com\/index.php?rest_route=%2Fwp%2Fv2%2Fproduct_cat&post=3419"},{"taxonomy":"product_tag","embeddable":true,"href":"https:\/\/proindesa.com\/index.php?rest_route=%2Fwp%2Fv2%2Fproduct_tag&post=3419"}],"curies":[{"name":"wp","href":"https:\/\/api.w.org\/{rel}","templated":true}]}}