{"id":3397,"date":"2025-07-30T16:03:52","date_gmt":"2025-07-30T14:03:52","guid":{"rendered":"https:\/\/proindesa.com\/?post_type=product&#038;p=3397"},"modified":"2025-08-13T18:45:52","modified_gmt":"2025-08-13T16:45:52","slug":"laminas-para-juntas-de-compresion-2","status":"publish","type":"product","link":"https:\/\/proindesa.com\/?product=laminas-para-juntas-de-compresion-2","title":{"rendered":"L\u00e1minas para juntas de compresi\u00f3n"},"content":{"rendered":"<p><span style=\"font-weight: 400;\">Anteriormente conocidas como l\u00e1minas o planchas de asbesto. Hoy d\u00eda est\u00e1n completamente libres de asbestos. L\u00e1minas de no asbesto<\/span><\/p>\n<p><span style=\"font-weight: 400;\">S 8001: Dise\u00f1ada para sellar condiciones extremas de presi\u00f3n y temperatura en vapor, gases inertes, etc\u00e9tera.<\/span><\/p>\n<p><span style=\"font-weight: 400;\">S 9100: Adecuada para solventes, gases, hidrocarburos, agua, \u00e1cidos suaves, entre otros.<\/span><\/p>\n<p><span style=\"font-weight: 400;\">S 9200: Con refuerzo met\u00e1lico para soportar altas temperaturas y presiones.<\/span><\/p>\n<p><span style=\"font-weight: 400;\">S 9300: Recomendada para alto desempe\u00f1o. Posee excelentes propiedades qu\u00edmicas, t\u00e9rmicas y mec\u00e1nicas.<\/span><\/p>\n<p><span style=\"font-weight: 400;\">S 9242: Nuevo Producto: Caucho NBR es peptizado y mezclado con cargas inorg\u00e1nicas y fibras aramidicas combinadas con fibra de vidrio.<\/span><\/p>\n","protected":false},"excerpt":{"rendered":"<p><span style=\"font-weight: 400;\">Dise\u00f1ada para sellar condiciones extremas de presi\u00f3n y temperatura en vapor, gases inertes, etc\u00e9tera.<\/span><\/p>\n","protected":false},"featured_media":2606,"template":"","meta":{"_acf_changed":false,"content-type":"","_uf_show_specific_survey":0,"_uf_disable_surveys":false},"product_brand":[],"product_cat":[69,79],"product_tag":[97,43,39,101],"class_list":{"0":"post-3397","1":"product","2":"type-product","3":"status-publish","4":"has-post-thumbnail","6":"product_cat-sellado-de-fluidos","7":"product_cat-sellado-estatico","8":"product_tag-asesoria","9":"product_tag-con-pdf","10":"product_tag-sealco","11":"product_tag-sin-precio","13":"first","14":"instock","15":"taxable","16":"shipping-taxable","17":"purchasable","18":"product-type-simple"},"acf":[],"_links":{"self":[{"href":"https:\/\/proindesa.com\/index.php?rest_route=\/wp\/v2\/product\/3397","targetHints":{"allow":["GET"]}}],"collection":[{"href":"https:\/\/proindesa.com\/index.php?rest_route=\/wp\/v2\/product"}],"about":[{"href":"https:\/\/proindesa.com\/index.php?rest_route=\/wp\/v2\/types\/product"}],"wp:featuredmedia":[{"embeddable":true,"href":"https:\/\/proindesa.com\/index.php?rest_route=\/wp\/v2\/media\/2606"}],"wp:attachment":[{"href":"https:\/\/proindesa.com\/index.php?rest_route=%2Fwp%2Fv2%2Fmedia&parent=3397"}],"wp:term":[{"taxonomy":"product_brand","embeddable":true,"href":"https:\/\/proindesa.com\/index.php?rest_route=%2Fwp%2Fv2%2Fproduct_brand&post=3397"},{"taxonomy":"product_cat","embeddable":true,"href":"https:\/\/proindesa.com\/index.php?rest_route=%2Fwp%2Fv2%2Fproduct_cat&post=3397"},{"taxonomy":"product_tag","embeddable":true,"href":"https:\/\/proindesa.com\/index.php?rest_route=%2Fwp%2Fv2%2Fproduct_tag&post=3397"}],"curies":[{"name":"wp","href":"https:\/\/api.w.org\/{rel}","templated":true}]}}