{"id":3381,"date":"2025-07-30T16:03:39","date_gmt":"2025-07-30T14:03:39","guid":{"rendered":"https:\/\/proindesa.com\/?post_type=product&#038;p=3381"},"modified":"2025-08-13T18:45:49","modified_gmt":"2025-08-13T16:45:49","slug":"sello-mecanico-tipo-mg12-2","status":"publish","type":"product","link":"https:\/\/proindesa.com\/?product=sello-mecanico-tipo-mg12-2","title":{"rendered":"Sello mec\u00e1nico tipo mg12"},"content":{"rendered":"<p>SELLO SIMPLE ROTATORIO<\/p>\n<p>Sello de amplia aplicaci\u00f3n en la industria en general; el fuelle no est\u00e1 sometido a torsi\u00f3n; altamente recomendable para servicios con flu\u00eddos que contengan abrasivos slurries y flu\u00eddos problem\u00e1ticos en general. Descripci\u00f3n<br \/>\nVENTAJAS<br \/>\nIndependiente del sentido de rotaci\u00f3n<br \/>\nF\u00e1cil instalaci\u00f3n<br \/>\nNo se atasca el resorte<br \/>\nMATERIALES (Para ver el detalle completo, descargue el cat\u00e1logo PDF)<br \/>\nCUERPO DEL SELLO: AISI 304.<br \/>\nCARA ROTATORIA: Carburo de Tungsteno (Ni).<br \/>\nASIENTO ESTACIONARIO: Carburo de Silicio (RB) ELAST\u00d3MEROS: Vit\u00f3n\u00ae. EPR.<\/p>\n","protected":false},"excerpt":{"rendered":"<p>Independiente del sentido de rotaci\u00f3n F\u00e1cil instalaci\u00f3n No se atasca el resorte<\/p>\n","protected":false},"featured_media":447,"template":"","meta":{"_acf_changed":false,"content-type":"","_uf_show_specific_survey":0,"_uf_disable_surveys":false},"product_brand":[],"product_cat":[78],"product_tag":[97,43,39,101],"class_list":{"0":"post-3381","1":"product","2":"type-product","3":"status-publish","4":"has-post-thumbnail","6":"product_cat-sellos-mecanicos","7":"product_tag-asesoria","8":"product_tag-con-pdf","9":"product_tag-sealco","10":"product_tag-sin-precio","12":"first","13":"instock","14":"taxable","15":"shipping-taxable","16":"purchasable","17":"product-type-simple"},"acf":[],"_links":{"self":[{"href":"https:\/\/proindesa.com\/index.php?rest_route=\/wp\/v2\/product\/3381","targetHints":{"allow":["GET"]}}],"collection":[{"href":"https:\/\/proindesa.com\/index.php?rest_route=\/wp\/v2\/product"}],"about":[{"href":"https:\/\/proindesa.com\/index.php?rest_route=\/wp\/v2\/types\/product"}],"wp:featuredmedia":[{"embeddable":true,"href":"https:\/\/proindesa.com\/index.php?rest_route=\/wp\/v2\/media\/447"}],"wp:attachment":[{"href":"https:\/\/proindesa.com\/index.php?rest_route=%2Fwp%2Fv2%2Fmedia&parent=3381"}],"wp:term":[{"taxonomy":"product_brand","embeddable":true,"href":"https:\/\/proindesa.com\/index.php?rest_route=%2Fwp%2Fv2%2Fproduct_brand&post=3381"},{"taxonomy":"product_cat","embeddable":true,"href":"https:\/\/proindesa.com\/index.php?rest_route=%2Fwp%2Fv2%2Fproduct_cat&post=3381"},{"taxonomy":"product_tag","embeddable":true,"href":"https:\/\/proindesa.com\/index.php?rest_route=%2Fwp%2Fv2%2Fproduct_tag&post=3381"}],"curies":[{"name":"wp","href":"https:\/\/api.w.org\/{rel}","templated":true}]}}