{"id":3379,"date":"2025-07-30T16:03:39","date_gmt":"2025-07-30T14:03:39","guid":{"rendered":"https:\/\/proindesa.com\/?post_type=product&#038;p=3379"},"modified":"2025-08-13T18:45:48","modified_gmt":"2025-08-13T16:45:48","slug":"sello-mecanico-tipo-m3n-2","status":"publish","type":"product","link":"https:\/\/proindesa.com\/?product=sello-mecanico-tipo-m3n-2","title":{"rendered":"Sello mec\u00e1nico tipo m3n"},"content":{"rendered":"<p>SELLO SENCILLO UNIDIRECCIONAL<\/p>\n<p>Sello unidireccional no balanceado, de muy amplia aplicaci\u00f3n en bombas de agua, bombas sumergibles, aguas de desperdicio, qu\u00edmicos, entre otros. Cumple con normas DIN 24960. Descripci\u00f3n<br \/>\nVENTAJAS<br \/>\nF\u00e1cil instalaci\u00f3n<br \/>\nResorte que no se atasca<br \/>\nAutoalineante<br \/>\nCorta longitud de operaci\u00f3n<br \/>\nSecci\u00f3n m\u00e1s delgada que acomoda en muchas bombas<br \/>\nMATERIALES (Para ver el detalle completo, descargue el cat\u00e1logo PDF)<br \/>\nCUERPO DEL SELLO: AISI 316 est\u00e1ndar, AISI 304.<br \/>\nRESORTES: AISI 302.<br \/>\nASIENTO ESTACIONARIO: Carb\u00f3n est\u00e1ndar.<br \/>\nELAST\u00d3MEROS: Vit\u00f3n\u00ae est\u00e1ndar, EPR, Nitrilo.<\/p>\n","protected":false},"excerpt":{"rendered":"<p>F\u00e1cil instalaci\u00f3n Resorte que no se atasca Autoalineante<\/p>\n","protected":false},"featured_media":445,"template":"","meta":{"_acf_changed":false,"content-type":"","_uf_show_specific_survey":0,"_uf_disable_surveys":false},"product_brand":[],"product_cat":[78],"product_tag":[97,43,39,101],"class_list":{"0":"post-3379","1":"product","2":"type-product","3":"status-publish","4":"has-post-thumbnail","6":"product_cat-sellos-mecanicos","7":"product_tag-asesoria","8":"product_tag-con-pdf","9":"product_tag-sealco","10":"product_tag-sin-precio","12":"first","13":"instock","14":"taxable","15":"shipping-taxable","16":"purchasable","17":"product-type-simple"},"acf":[],"_links":{"self":[{"href":"https:\/\/proindesa.com\/index.php?rest_route=\/wp\/v2\/product\/3379","targetHints":{"allow":["GET"]}}],"collection":[{"href":"https:\/\/proindesa.com\/index.php?rest_route=\/wp\/v2\/product"}],"about":[{"href":"https:\/\/proindesa.com\/index.php?rest_route=\/wp\/v2\/types\/product"}],"wp:featuredmedia":[{"embeddable":true,"href":"https:\/\/proindesa.com\/index.php?rest_route=\/wp\/v2\/media\/445"}],"wp:attachment":[{"href":"https:\/\/proindesa.com\/index.php?rest_route=%2Fwp%2Fv2%2Fmedia&parent=3379"}],"wp:term":[{"taxonomy":"product_brand","embeddable":true,"href":"https:\/\/proindesa.com\/index.php?rest_route=%2Fwp%2Fv2%2Fproduct_brand&post=3379"},{"taxonomy":"product_cat","embeddable":true,"href":"https:\/\/proindesa.com\/index.php?rest_route=%2Fwp%2Fv2%2Fproduct_cat&post=3379"},{"taxonomy":"product_tag","embeddable":true,"href":"https:\/\/proindesa.com\/index.php?rest_route=%2Fwp%2Fv2%2Fproduct_tag&post=3379"}],"curies":[{"name":"wp","href":"https:\/\/api.w.org\/{rel}","templated":true}]}}