{"id":3346,"date":"2025-07-30T16:03:23","date_gmt":"2025-07-30T14:03:23","guid":{"rendered":"https:\/\/proindesa.com\/?post_type=product&#038;p=3346"},"modified":"2025-08-13T18:45:40","modified_gmt":"2025-08-13T16:45:40","slug":"cinta-masking-tape-3m-de-uso-general-201-2","status":"publish","type":"product","link":"https:\/\/proindesa.com\/?product=cinta-masking-tape-3m-de-uso-general-201-2","title":{"rendered":"Cinta masking tape 3M de uso general 201+"},"content":{"rendered":"<p><span style=\"font-weight: 400;\">Detalles<\/span><span style=\"font-weight: 400;\"><br \/>\n<\/span><span style=\"font-weight: 400;\">Soluci\u00f3n rentable para aplicaciones de servicio liviano a mediano.<\/span><span style=\"font-weight: 400;\"><br \/>\n<\/span><span style=\"font-weight: 400;\">La f\u00f3rmula adhesiva patentada y sin solventes se retira limpiamente en una sola pieza sin residuos de adhesivo.<\/span><span style=\"font-weight: 400;\"><br \/>\n<\/span><span style=\"font-weight: 400;\">Resiste temperaturas superficiales de hasta 200 \u00b0F\/93 \u00b0C durante 30 minutos.<\/span><span style=\"font-weight: 400;\"><br \/>\n<\/span><span style=\"font-weight: 400;\">Se adhiere con confianza a madera, pl\u00e1stico, vidrio, metal y superficies pintadas.<\/span><span style=\"font-weight: 400;\"><br \/>\n<\/span><span style=\"font-weight: 400;\">El respaldo de color canela claro se rasga f\u00e1cilmente y resiste el astillamiento.<\/span><span style=\"font-weight: 400;\"><br \/>\n<\/span><span style=\"font-weight: 400;\">La baja fuerza de desenrollado permite una aplicaci\u00f3n r\u00e1pida y un manejo mejorado.<\/span><span style=\"font-weight: 400;\"><br \/>\n<\/span><span style=\"font-weight: 400;\">La cinta de enmascarar de uso general.<\/span><\/p>\n<p><span style=\"font-weight: 400;\">3M\u2122 201+ fue dise\u00f1ada para ser una cinta de uso general que se sujeta firmemente en entornos donde las temperaturas de la superficie pueden alcanzar hasta 200 \u00b0F\/93 \u00b0C. Esta cinta de papel crep\u00e9 color canela claro se desenrolla poco y se adhiere a muchas superficies, lo que la convierte en una cinta ideal para el uso diario.<\/span><\/p>\n<p><span style=\"font-weight: 400;\">Tu cinta preferida<\/span><span style=\"font-weight: 400;\"><br \/>\n<\/span><span style=\"font-weight: 400;\">Utilizando un adhesivo patentado sin solventes, la cinta se adhiere instant\u00e1neamente a la mayor\u00eda de las superficies, incluidos metal, caucho, vidrio, madera y pl\u00e1stico, mientras se retira limpiamente en una sola pieza. El respaldo de papel crep\u00e9 se adapta a superficies irregulares y es una cinta ideal para uso diario que se adhiere con confianza, pero se retira de manera limpia y conveniente.<\/span><\/p>\n<p><span style=\"font-weight: 400;\">La cinta de enmascarar de uso general 3M\u2122 201+ es f\u00e1cil de rasgar, lo que ayuda en el manejo, pero es lo suficientemente fuerte como para resistir la astilla, lo que permite una extracci\u00f3n de una sola pieza \u201cf\u00e1cil de usar\u201d.<\/span><\/p>\n","protected":false},"excerpt":{"rendered":"<p>Soluci\u00f3n rentable para aplicaciones de servicio liviano a mediano<\/p>\n","protected":false},"featured_media":425,"template":"","meta":{"_acf_changed":false,"content-type":"","_uf_show_specific_survey":0,"_uf_disable_surveys":false},"product_brand":[],"product_cat":[73],"product_tag":[35,97,101],"class_list":{"0":"post-3346","1":"product","2":"type-product","3":"status-publish","4":"has-post-thumbnail","6":"product_cat-cintas-adhesivas-una-sola-cara","7":"product_tag-3m","8":"product_tag-asesoria","9":"product_tag-sin-precio","11":"first","12":"instock","13":"taxable","14":"shipping-taxable","15":"purchasable","16":"product-type-simple"},"acf":[],"_links":{"self":[{"href":"https:\/\/proindesa.com\/index.php?rest_route=\/wp\/v2\/product\/3346","targetHints":{"allow":["GET"]}}],"collection":[{"href":"https:\/\/proindesa.com\/index.php?rest_route=\/wp\/v2\/product"}],"about":[{"href":"https:\/\/proindesa.com\/index.php?rest_route=\/wp\/v2\/types\/product"}],"wp:featuredmedia":[{"embeddable":true,"href":"https:\/\/proindesa.com\/index.php?rest_route=\/wp\/v2\/media\/425"}],"wp:attachment":[{"href":"https:\/\/proindesa.com\/index.php?rest_route=%2Fwp%2Fv2%2Fmedia&parent=3346"}],"wp:term":[{"taxonomy":"product_brand","embeddable":true,"href":"https:\/\/proindesa.com\/index.php?rest_route=%2Fwp%2Fv2%2Fproduct_brand&post=3346"},{"taxonomy":"product_cat","embeddable":true,"href":"https:\/\/proindesa.com\/index.php?rest_route=%2Fwp%2Fv2%2Fproduct_cat&post=3346"},{"taxonomy":"product_tag","embeddable":true,"href":"https:\/\/proindesa.com\/index.php?rest_route=%2Fwp%2Fv2%2Fproduct_tag&post=3346"}],"curies":[{"name":"wp","href":"https:\/\/api.w.org\/{rel}","templated":true}]}}