{"id":3345,"date":"2025-07-30T16:03:23","date_gmt":"2025-07-30T14:03:23","guid":{"rendered":"https:\/\/proindesa.com\/?post_type=product&#038;p=3345"},"modified":"2025-08-13T18:45:40","modified_gmt":"2025-08-13T16:45:40","slug":"cinta-masking-tape-3m-de-medio-desempeno-amarillo-301-2","status":"publish","type":"product","link":"https:\/\/proindesa.com\/?product=cinta-masking-tape-3m-de-medio-desempeno-amarillo-301-2","title":{"rendered":"Cinta masking tape 3M de medio desempe\u00f1o amarillo 301+"},"content":{"rendered":"<p><span style=\"font-weight: 400;\">Detalles<\/span><span style=\"font-weight: 400;\"><br \/>\n<\/span><span style=\"font-weight: 400;\">Cinta de enmascarar industrial utilizada para aplicaciones de enmascaramiento de pintura en los mercados de veh\u00edculos especiales, aeroespacial, automotriz e industrial.<\/span><\/p>\n<p><span style=\"font-weight: 400;\">La f\u00f3rmula adhesiva patentada y sin solventes se retira limpiamente en una sola pieza sin residuos de adhesivo.<\/span><\/p>\n<p><span style=\"font-weight: 400;\">Resiste temperaturas superficiales de hasta 225 \u00b0F\/107 \u00b0C durante 30 minutos.<\/span><\/p>\n<p><span style=\"font-weight: 400;\">Resiste el traspaso de pintura para ayudar a crear buenas l\u00edneas de pintura.<\/span><\/p>\n<p><span style=\"font-weight: 400;\">Se adhiere con confianza a molduras de caucho, pl\u00e1stico, vidrio, madera, hormig\u00f3n, metal y superficies pintadas.<\/span><\/p>\n<p><span style=\"font-weight: 400;\">El respaldo amarillo mejora la visibilidad y la precisi\u00f3n durante el enmascaramiento de pintura.<\/span><\/p>\n<p><span style=\"font-weight: 400;\">Permanece en su lugar alrededor de esquinas, contornos y superficies irregulares.<\/span><\/p>\n<p><span style=\"font-weight: 400;\">La cinta adhesiva amarilla de alto rendimiento 3M\u2122 301+ est\u00e1 dise\u00f1ada para ofrecer buenas l\u00edneas de pintura donde las temperaturas de la superficie pueden alcanzar hasta 225 \u00b0F\/107 \u00b0C.<\/span><\/p>\n<p><span style=\"font-weight: 400;\">Esta cinta de papel crep\u00e9 amarilla es ideal para aplicaciones de enmascaramiento de pintura en mercados industriales, automotrices, aeroespaciales y de veh\u00edculos especiales donde se requiere un fuerte rendimiento de sujeci\u00f3n.<\/span><\/p>\n<p><span style=\"font-weight: 400;\">Ideal para pintura industrial, al utilizar nuestro adhesivo patentado sin solventes, la cinta se adhiere instant\u00e1neamente a la mayor\u00eda de las superficies, incluidos metal, caucho, vidrio y pl\u00e1stico, as\u00ed como a molduras de caucho tipo EPDM, mientras se retira limpiamente en una sola pieza. Nuestro soporte de papel crep\u00e9 de alta resistencia se adapta a superficies irregulares, resiste el traspaso de la mayor\u00eda de los sistemas de pintura industriales, mejora la visibilidad durante el proceso de enmascaramiento de pintura y le ayuda a lograr buenas l\u00edneas de pintura. La cinta de enmascarar amarilla de alto rendimiento 3M\u2122 301+ es una cinta ideal para pintura industrial, incluidas aplicaciones de color de dos tonos en camiones, autobuses, remolques, trenes, camiones de bomberos, ambulancias y aviones. Es f\u00e1cil de rasgar, lo que ayuda en el manejo, pero es lo suficientemente fuerte como para resistir el corte, lo que permite una extracci\u00f3n de una sola pieza \u201cf\u00e1cil de usar\u201d. La cinta es adaptable para enmascarar f\u00e1cilmente alrededor de esquinas, contornos y superficies irregulares. Aplicaciones recomendadas Enmascaramiento de pintura industrial, aplicaciones MRO Carpinter\u00eda y concreto, Agrupaci\u00f3n Codificaci\u00f3n de colores: Sellado Enmascaramiento de pintura para procesos de pintura a temperatura media \u00bfQu\u00e9 es la cinta adhesiva? La cinta de enmascarar se desarroll\u00f3 espec\u00edficamente para ayudar a proteger las superficies circundantes del exceso de rociado, proporcionar l\u00edneas de pintura limpias y quitar f\u00e1cil y limpiamente una vez terminado. Nuestras cintas adhesivas se adhieren bien, resisten los solventes o el agua de la pintura y son lo suficientemente fuertes como para colgar l\u00e1minas de pl\u00e1stico, pero se retiran limpiamente sin da\u00f1ar el subsuelo. El soporte, normalmente papel crep\u00e9, puede adaptarse a superficies curvas e irregulares. La cinta se rasga manualmente para una aplicaci\u00f3n sin herramientas. Una cinta adhesiva debe especificar a qu\u00e9 superficies se adherir\u00e1 y el intervalo durante el cual se quitar\u00e1 limpiamente. Una cinta muy delgada o mal fabricada puede presentar astillamiento o trituraci\u00f3n, ya sea al desprenderse del rollo o al retirarla despu\u00e9s de su uso. Algunas cintas de enmascarar tienen resistencia a la tracci\u00f3n para aplicaciones comerciales e industriales ligeras, incluido el agrupamiento, etiquetado, sellado, reparaciones temporales, se\u00f1alizaci\u00f3n de carriles, empalmes y protecci\u00f3n de superficies. Desde anchos hasta estrechos, desde rollos individuales hasta a granel, hay muchas opciones para elegir al pedir cinta adhesiva. La cl\u00e1sica cinta adhesiva de papel crep\u00e9 es de un color tostado claro, pero nuestras cintas adhesivas vienen en una variedad de colores y formulaciones para satisfacer aplicaciones generales y espec\u00edficas. Un rollo de cinta adhesiva es una caja de herramientas b\u00e1sica o un elemento b\u00e1sico en la sala de suministros en las industrias de construcci\u00f3n, almacenamiento, militar, naval, naviera, posventa de autom\u00f3viles, comercio electr\u00f3nico, manufactura en general y venta minorista.<\/span><\/p>\n","protected":false},"excerpt":{"rendered":"<p>Cinta de enmascarar industrial utilizada para aplicaciones de enmascaramiento de pintura en los mercados de veh\u00edculos especiales, aeroespacial, automotriz e industrial.<\/p>\n","protected":false},"featured_media":424,"template":"","meta":{"_acf_changed":false,"content-type":"","_uf_show_specific_survey":0,"_uf_disable_surveys":false},"product_brand":[],"product_cat":[73],"product_tag":[35,97,101],"class_list":{"0":"post-3345","1":"product","2":"type-product","3":"status-publish","4":"has-post-thumbnail","6":"product_cat-cintas-adhesivas-una-sola-cara","7":"product_tag-3m","8":"product_tag-asesoria","9":"product_tag-sin-precio","11":"first","12":"instock","13":"taxable","14":"shipping-taxable","15":"purchasable","16":"product-type-simple"},"acf":[],"_links":{"self":[{"href":"https:\/\/proindesa.com\/index.php?rest_route=\/wp\/v2\/product\/3345","targetHints":{"allow":["GET"]}}],"collection":[{"href":"https:\/\/proindesa.com\/index.php?rest_route=\/wp\/v2\/product"}],"about":[{"href":"https:\/\/proindesa.com\/index.php?rest_route=\/wp\/v2\/types\/product"}],"wp:featuredmedia":[{"embeddable":true,"href":"https:\/\/proindesa.com\/index.php?rest_route=\/wp\/v2\/media\/424"}],"wp:attachment":[{"href":"https:\/\/proindesa.com\/index.php?rest_route=%2Fwp%2Fv2%2Fmedia&parent=3345"}],"wp:term":[{"taxonomy":"product_brand","embeddable":true,"href":"https:\/\/proindesa.com\/index.php?rest_route=%2Fwp%2Fv2%2Fproduct_brand&post=3345"},{"taxonomy":"product_cat","embeddable":true,"href":"https:\/\/proindesa.com\/index.php?rest_route=%2Fwp%2Fv2%2Fproduct_cat&post=3345"},{"taxonomy":"product_tag","embeddable":true,"href":"https:\/\/proindesa.com\/index.php?rest_route=%2Fwp%2Fv2%2Fproduct_tag&post=3345"}],"curies":[{"name":"wp","href":"https:\/\/api.w.org\/{rel}","templated":true}]}}