{"id":2953,"date":"2025-04-07T20:43:00","date_gmt":"2025-04-07T18:43:00","guid":{"rendered":"https:\/\/proindesa.com\/?post_type=product&#038;p=2953"},"modified":"2025-08-13T18:45:36","modified_gmt":"2025-08-13T16:45:36","slug":"cartuchos-vapores-organicos-secure-click-filtro-d8003-3m","status":"publish","type":"product","link":"https:\/\/proindesa.com\/?product=cartuchos-vapores-organicos-secure-click-filtro-d8003-3m","title":{"rendered":"Cartuchos vapores org\u00e1nicos secure click filtro d8003 3M\u2122"},"content":{"rendered":"<p class=\"p1\">El cartucho 3M\u2122 Secure Click\u2122 D8003 est\u00e1 dise\u00f1ado para brindar una protecci\u00f3n respiratoria confiable contra una amplia gama de <span class=\"s1\"><b>vapores org\u00e1nicos<\/b><\/span> y <span class=\"s1\"><b>gases \u00e1cidos<\/b><\/span>, como cloro, di\u00f3xido de azufre, fluoruro de hidr\u00f3geno, entre otros. Es compatible exclusivamente con los respiradores reutilizables de la <span class=\"s1\"><b>Serie 3M\u2122 Secure Click\u2122<\/b><\/span>, y cuenta con un sistema de conexi\u00f3n avanzada que proporciona mayor facilidad de uso y seguridad.<\/p>\n<p class=\"p1\">Gracias a su innovador dise\u00f1o y su capacidad de combinarse con filtros de part\u00edculas Secure Click\u2122, este cartucho es ideal para ambientes donde se requiere una protecci\u00f3n m\u00faltiple, sin sacrificar comodidad ni eficiencia.<\/p>\n<p class=\"p3\"><b>Caracter\u00edsticas principales:<\/b><b><\/b><\/p>\n<p class=\"p4\">\u2022 <span class=\"s1\"><b>Protecci\u00f3n dual<\/b><\/span>: Contra vapores org\u00e1nicos y gases \u00e1cidos en un solo cartucho.<\/p>\n<p class=\"p4\">\u2022 <span class=\"s1\"><b>Conexi\u00f3n Secure Click\u2122<\/b><\/span>: Sistema intuitivo con doble anclaje, retroalimentaci\u00f3n sonora y f\u00e1cil verificaci\u00f3n del sellado.<\/p>\n<p class=\"p4\">\u2022 <span class=\"s1\"><b>Dise\u00f1o ergon\u00f3mico y balanceado<\/b><\/span>: Mejora la distribuci\u00f3n del peso y la comodidad durante jornadas prolongadas.<\/p>\n<p class=\"p4\">\u2022 <span class=\"s1\"><b>Compatible con filtros de part\u00edculas Secure Click\u2122<\/b><\/span>: Como D7N11 (N95) o D7P71 (P95), mediante retenedores D701, para protecci\u00f3n adicional.<\/p>\n<p class=\"p4\">\u2022 <span class=\"s1\"><b>Aplicaciones recomendadas<\/b><\/span>: Procesos industriales con exposici\u00f3n a productos qu\u00edmicos, mantenimiento, fabricaci\u00f3n de pl\u00e1sticos, tratamiento de aguas, limpieza con solventes, entre otros.<\/p>\n<p class=\"p1\">El cartucho 3M\u2122 D8003 es la soluci\u00f3n ideal para profesionales que trabajan en entornos con mezclas complejas de contaminantes, ofreciendo <span class=\"s1\"><b>m\u00e1xima protecci\u00f3n con la tecnolog\u00eda segura y f\u00e1cil del sistema Secure Click\u2122<\/b><\/span>.<\/p>\n","protected":false},"excerpt":{"rendered":"<p>El cartucho 3M\u2122 Secure Click\u2122 D8003 est\u00e1 dise\u00f1ado para brindar una protecci\u00f3n respiratoria confiable contra una amplia gama de vapores org\u00e1nicos y gases \u00e1cidos, como cloro, di\u00f3xido de azufre, fluoruro de hidr\u00f3geno, entre otros. Es compatible exclusivamente con los respiradores reutilizables de la Serie 3M\u2122 Secure Click\u2122, y cuenta con un sistema de conexi\u00f3n avanzada [&hellip;]<\/p>\n","protected":false},"featured_media":2954,"template":"","meta":{"_acf_changed":false,"content-type":"","_uf_show_specific_survey":0,"_uf_disable_surveys":false},"product_brand":[],"product_cat":[115,110],"product_tag":[],"class_list":{"0":"post-2953","1":"product","2":"type-product","3":"status-publish","4":"has-post-thumbnail","6":"product_cat-equipo-de-seguridad-industrial","7":"product_cat-proteccion-respiratoria","9":"first","10":"instock","11":"taxable","12":"shipping-taxable","13":"purchasable","14":"product-type-simple"},"acf":[],"_links":{"self":[{"href":"https:\/\/proindesa.com\/index.php?rest_route=\/wp\/v2\/product\/2953","targetHints":{"allow":["GET"]}}],"collection":[{"href":"https:\/\/proindesa.com\/index.php?rest_route=\/wp\/v2\/product"}],"about":[{"href":"https:\/\/proindesa.com\/index.php?rest_route=\/wp\/v2\/types\/product"}],"wp:featuredmedia":[{"embeddable":true,"href":"https:\/\/proindesa.com\/index.php?rest_route=\/wp\/v2\/media\/2954"}],"wp:attachment":[{"href":"https:\/\/proindesa.com\/index.php?rest_route=%2Fwp%2Fv2%2Fmedia&parent=2953"}],"wp:term":[{"taxonomy":"product_brand","embeddable":true,"href":"https:\/\/proindesa.com\/index.php?rest_route=%2Fwp%2Fv2%2Fproduct_brand&post=2953"},{"taxonomy":"product_cat","embeddable":true,"href":"https:\/\/proindesa.com\/index.php?rest_route=%2Fwp%2Fv2%2Fproduct_cat&post=2953"},{"taxonomy":"product_tag","embeddable":true,"href":"https:\/\/proindesa.com\/index.php?rest_route=%2Fwp%2Fv2%2Fproduct_tag&post=2953"}],"curies":[{"name":"wp","href":"https:\/\/api.w.org\/{rel}","templated":true}]}}