{"id":2888,"date":"2025-03-31T22:56:09","date_gmt":"2025-03-31T20:56:09","guid":{"rendered":"https:\/\/proindesa.com\/?post_type=product&#038;p=2888"},"modified":"2025-08-13T18:45:32","modified_gmt":"2025-08-13T16:45:32","slug":"filtro-para-particulas-3mp100-modelo-2091","status":"publish","type":"product","link":"https:\/\/proindesa.com\/?product=filtro-para-particulas-3mp100-modelo-2091","title":{"rendered":"Filtro para part\u00edculas 3M\u2122p100 modelo 2091"},"content":{"rendered":"<ul class=\"sps2-pdp_details--highlights_list\">\n<li class=\"sps2-pdp_details--highlights_item mds-font_paragraph\">Aprobaci\u00f3n NIOSH<\/li>\n<li class=\"sps2-pdp_details--highlights_item mds-font_paragraph\">Protecci\u00f3n contra part\u00edculas con certificaci\u00f3n P100<\/li>\n<li class=\"sps2-pdp_details--highlights_item mds-font_paragraph\">Utilizar con Respiradores Reutilizables 3M\u2122<\/li>\n<li class=\"sps2-pdp_details--highlights_item mds-font_paragraph\">Color rozado<\/li>\n<li class=\"sps2-pdp_details--highlights_item mds-font_paragraph\">100 piezas por cart\u00f3n<\/li>\n<li class=\"sps2-pdp_details--highlights_item mds-font_paragraph\">Cuarto de vuelta para una instalaci\u00f3n r\u00e1pida y sencilla<\/li>\n<li class=\"sps2-pdp_details--highlights_item mds-font_paragraph\">Resistentes al fuego<\/li>\n<li class=\"sps2-pdp_details--highlights_item mds-font_paragraph\">\u00daselos para protecci\u00f3n en entornos peligrosos. Solo para uso ocupacional\/en el lugar de trabajo<\/li>\n<\/ul>\n<p>Certificado para ofrecer protecci\u00f3n contra polvos y neblinas, tanto con como sin aceite, este producto est\u00e1 dise\u00f1ado para garantizar una m\u00e1xima eficiencia de filtraci\u00f3n.<\/p>\n<p>Es compatible con los respiradores de la serie 5000 de 3M, as\u00ed como con los cartuchos de la serie 6000 de 3M, mediante el uso del adaptador 3M 502. Tambi\u00e9n se puede emplear con m\u00e1scaras medias y completas de las series 6000, 7000 y FF-400 de 3M, utilizando el soporte de filtro para bayoneta. Cuando se ajusta correctamente, este producto puede ser utilizado en diversas aplicaciones, como soldadura, corte con soplete, fundici\u00f3n de metales y exposici\u00f3n a sustancias como plomo, asbesto, cadmio, ars\u00e9nico y materiales peligrosos para la salud (MDS). Est\u00e1 dise\u00f1ado para concentraciones de contaminantes hasta 10 veces superiores al L\u00edmite de Exposici\u00f3n Permisible (PEL) con m\u00e1scaras medias, o hasta 50 veces superiores al PEL cuando se emplean m\u00e1scaras completas. Para reclamar un factor de protecci\u00f3n asignado mayor a 10 en modo de presi\u00f3n negativa, las m\u00e1scaras completas deben pasar una prueba cuantitativa de ajuste.<\/p>\n<p>Este producto no est\u00e1 dise\u00f1ado para su uso en entornos que representen un peligro inmediato para la vida o la salud (IDLH).<\/p>\n<p>&nbsp;<\/p>\n<table class=\"mds-dataTable \" role=\"table\">\n<tbody class=\"mds-dataTable_body \" role=\"rowgroup\">\n<tr class=\"mds-dataTable_row mds-font_body tr\" role=\"row\">\n<td class=\"mds-dataTable_cell \" role=\"cell\">\n<p class=\"sps2-pdp_specifications--table_label\">Alivio de Molestias por Olor (&lt; OSHA PEL)<\/p>\n<\/td>\n<td class=\"mds-dataTable_cell \" role=\"cell\">\n<p class=\"sps2-pdp_specifications--table_values sps2-pdp_wrap--700\">N\/A<\/p>\n<\/td>\n<\/tr>\n<tr class=\"mds-dataTable_row mds-font_body tr\" role=\"row\">\n<td class=\"mds-dataTable_cell \" role=\"cell\">\n<p class=\"sps2-pdp_specifications--table_label\">Aplicaci\u00f3n Recomendada<\/p>\n<\/td>\n<td class=\"mds-dataTable_cell \" role=\"cell\">\n<p class=\"sps2-pdp_specifications--table_values sps2-pdp_wrap--700\">Preparaci\u00f3n de Pintura, Soldadura, Corte con Soplete, Soldadura, Vertido de Metal, Descontaminaci\u00f3n, Aplicaci\u00f3n de Pesticidas, Pintura, Montaje y Mec\u00e1nico, Limpieza, Soldadura, Rociado, Fabricaci\u00f3n Qu\u00edmica, Petroqu\u00edmica, Manufactura, Recubrimiento de Polvo, Revestimiento de Polvo, Papel de pulpa, Lijado, Preparaci\u00f3n del Suelo, Procesamiento de Madera, Acabado de composite, Acabado Final<\/p>\n<\/td>\n<\/tr>\n<tr class=\"mds-dataTable_row mds-font_body tr\" role=\"row\">\n<td class=\"mds-dataTable_cell \" role=\"cell\">\n<p class=\"sps2-pdp_specifications--table_label\">Cantidad Por Caja<\/p>\n<\/td>\n<td class=\"mds-dataTable_cell \" role=\"cell\">\n<p class=\"sps2-pdp_specifications--table_values sps2-pdp_wrap--700\">100\/case<\/p>\n<\/td>\n<\/tr>\n<tr class=\"mds-dataTable_row mds-font_body tr\" role=\"row\">\n<td class=\"mds-dataTable_cell \" role=\"cell\">\n<p class=\"sps2-pdp_specifications--table_label\">Caracter\u00edsticas<\/p>\n<\/td>\n<td class=\"mds-dataTable_cell \" role=\"cell\">\n<p class=\"sps2-pdp_specifications--table_values sps2-pdp_wrap--700\">Ligero, Permite respirar f\u00e1cilmente<\/p>\n<\/td>\n<\/tr>\n<tr class=\"mds-dataTable_row mds-font_body tr\" role=\"row\">\n<td class=\"mds-dataTable_cell \" role=\"cell\">\n<p class=\"sps2-pdp_specifications--table_label\">Clase de Filtro<\/p>\n<\/td>\n<td class=\"mds-dataTable_cell \" role=\"cell\">\n<p class=\"sps2-pdp_specifications--table_values sps2-pdp_wrap--700\">P100<\/p>\n<\/td>\n<\/tr>\n<tr class=\"mds-dataTable_row mds-font_body tr\" role=\"row\">\n<td class=\"mds-dataTable_cell \" role=\"cell\">\n<p class=\"sps2-pdp_specifications--table_label\">Compatible Con Escudo de Soldadura<\/p>\n<\/td>\n<td class=\"mds-dataTable_cell \" role=\"cell\">\n<p class=\"sps2-pdp_specifications--table_values sps2-pdp_wrap--700\">S\u00ed<\/p>\n<\/td>\n<\/tr>\n<tr class=\"mds-dataTable_row mds-font_body tr\" role=\"row\">\n<td class=\"mds-dataTable_cell \" role=\"cell\">\n<p class=\"sps2-pdp_specifications--table_label\">C\u00f3digo de Color Asignado Cartucho NIOSH o Filtro<\/p>\n<\/td>\n<td class=\"mds-dataTable_cell \" role=\"cell\">\n<p class=\"sps2-pdp_specifications--table_values sps2-pdp_wrap--700\">Magenta<\/p>\n<\/td>\n<\/tr>\n<tr class=\"mds-dataTable_row mds-font_body tr\" role=\"row\">\n<td class=\"mds-dataTable_cell \" role=\"cell\">\n<p class=\"sps2-pdp_specifications--table_label\">C\u00f3digo del producto<\/p>\n<\/td>\n<td class=\"mds-dataTable_cell \" role=\"cell\">\n<p class=\"sps2-pdp_specifications--table_values sps2-pdp_wrap--700\">2091<\/p>\n<\/td>\n<\/tr>\n<tr class=\"mds-dataTable_row mds-font_body tr\" role=\"row\">\n<td class=\"mds-dataTable_cell \" role=\"cell\">\n<p class=\"sps2-pdp_specifications--table_label\">Especificaciones Cumplidas<\/p>\n<\/td>\n<td class=\"mds-dataTable_cell \" role=\"cell\">\n<p class=\"sps2-pdp_specifications--table_values sps2-pdp_wrap--700\">P100<\/p>\n<\/td>\n<\/tr>\n<tr class=\"mds-dataTable_row mds-font_body tr\" role=\"row\">\n<td class=\"mds-dataTable_cell \" role=\"cell\">\n<p class=\"sps2-pdp_specifications--table_label\">Industria Recomendada<\/p>\n<\/td>\n<td class=\"mds-dataTable_cell \" role=\"cell\">\n<p class=\"sps2-pdp_specifications--table_values sps2-pdp_wrap--700\">Transportes, Petr\u00f3leo y Gas, Procesamiento de Alimentos, Manufactura en General, Saneamiento de instalaciones, Seguridad alimentaria, Mantenimiento industrial, Naval, Miner\u00eda, Dise\u00f1o y construcci\u00f3n, Producci\u00f3n y Fabricaci\u00f3n de Metales, Infraestructuras pesadas, Construcci\u00f3n<\/p>\n<\/td>\n<\/tr>\n<tr class=\"mds-dataTable_row mds-font_body tr\" role=\"row\">\n<td class=\"mds-dataTable_cell \" role=\"cell\">\n<p class=\"sps2-pdp_specifications--table_label\">Marcas<\/p>\n<\/td>\n<td class=\"mds-dataTable_cell \" role=\"cell\">\n<p class=\"sps2-pdp_specifications--table_values sps2-pdp_wrap--700\">3M\u2122<\/p>\n<\/td>\n<\/tr>\n<tr class=\"mds-dataTable_row mds-font_body tr\" role=\"row\">\n<td class=\"mds-dataTable_cell \" role=\"cell\">\n<p class=\"sps2-pdp_specifications--table_label\">Material Del Filtro<\/p>\n<\/td>\n<td class=\"mds-dataTable_cell \" role=\"cell\">\n<p class=\"sps2-pdp_specifications--table_values sps2-pdp_wrap--700\">Polipropileno<\/p>\n<\/td>\n<\/tr>\n<tr class=\"mds-dataTable_row mds-font_body tr\" role=\"row\">\n<td class=\"mds-dataTable_cell \" role=\"cell\">\n<p class=\"sps2-pdp_specifications--table_label\">Para Utilizar Con<\/p>\n<\/td>\n<td class=\"mds-dataTable_cell \" role=\"cell\">\n<p class=\"sps2-pdp_specifications--table_values sps2-pdp_wrap--700\">3M\u2122 Cartridges 6000 Series, Respiradores Reutilizables<\/p>\n<\/td>\n<\/tr>\n<tr class=\"mds-dataTable_row mds-font_body tr\" role=\"row\">\n<td class=\"mds-dataTable_cell \" role=\"cell\">\n<p class=\"sps2-pdp_specifications--table_label\">Prop\u00f3sito<\/p>\n<\/td>\n<td class=\"mds-dataTable_cell \" role=\"cell\">\n<p class=\"sps2-pdp_specifications--table_values sps2-pdp_wrap--700\">Filtros &amp; Cubiertas<\/p>\n<\/td>\n<\/tr>\n<tr class=\"mds-dataTable_row mds-font_body tr\" role=\"row\">\n<td class=\"mds-dataTable_cell \" role=\"cell\">\n<p class=\"sps2-pdp_specifications--table_label\">Protecci\u00f3n Contra Part\u00edculas<\/p>\n<\/td>\n<td class=\"mds-dataTable_cell \" role=\"cell\">\n<p class=\"sps2-pdp_specifications--table_values sps2-pdp_wrap--700\">Asbesto, Moho, S\u00edlice<\/p>\n<\/td>\n<\/tr>\n<tr class=\"mds-dataTable_row mds-font_body tr\" role=\"row\">\n<td class=\"mds-dataTable_cell \" role=\"cell\">\n<p class=\"sps2-pdp_specifications--table_label\">Respirator Compatibility<\/p>\n<\/td>\n<td class=\"mds-dataTable_cell \" role=\"cell\">\n<p class=\"sps2-pdp_specifications--table_values sps2-pdp_wrap--700\">M\u00e1scara facial completa 3M\u2122 Serie FF-400, M\u00e1scara facial completa 3M\u2122 Scott\u2122 AV-3000 HT, M\u00e1scara facial completa 3M\u2122 Scott\u2122 AV-3000 SureSeal, M\u00e1scara facial completa 3M\u2122 Serie 6000, Media m\u00e1scara facial 3M\u2122 serie 6000, Media m\u00e1scara facial resistente y c\u00f3moda 3M\u2122 Serie 6500, Media m\u00e1scara facial 3M\u2122 serie 7500, M\u00e1scara facial completa 3M\u2122 Serie 7800S<\/p>\n<\/td>\n<\/tr>\n<tr class=\"mds-dataTable_row mds-font_body tr\" role=\"row\">\n<td class=\"mds-dataTable_cell \" role=\"cell\">\n<p class=\"sps2-pdp_specifications--table_label\">Serie de Producto<\/p>\n<\/td>\n<td class=\"mds-dataTable_cell \" role=\"cell\">\n<p class=\"sps2-pdp_specifications--table_values sps2-pdp_wrap--700\">FF-400, 5000, 6000, 6500, 7000, 7500, 7800S<\/p>\n<\/td>\n<\/tr>\n<tr class=\"mds-dataTable_row mds-font_body tr\" role=\"row\">\n<td class=\"mds-dataTable_cell \" role=\"cell\">\n<p class=\"sps2-pdp_specifications--table_label\">Smallest Saleable Unit<\/p>\n<\/td>\n<td class=\"mds-dataTable_cell \" role=\"cell\">\n<p class=\"sps2-pdp_specifications--table_values sps2-pdp_wrap--700\">Each<\/p>\n<\/td>\n<\/tr>\n<tr class=\"mds-dataTable_row mds-font_body tr\" role=\"row\">\n<td class=\"mds-dataTable_cell \" role=\"cell\">\n<p class=\"sps2-pdp_specifications--table_label\">Soldadura<\/p>\n<\/td>\n<td class=\"mds-dataTable_cell \" role=\"cell\">\n<p class=\"sps2-pdp_specifications--table_values sps2-pdp_wrap--700\">S\u00ed<\/p>\n<\/td>\n<\/tr>\n<tr class=\"mds-dataTable_row mds-font_body tr\" role=\"row\">\n<td class=\"mds-dataTable_cell \" role=\"cell\">\n<p class=\"sps2-pdp_specifications--table_label\">Tipo de Aerosol<\/p>\n<\/td>\n<td class=\"mds-dataTable_cell \" role=\"cell\">\n<p class=\"sps2-pdp_specifications--table_values sps2-pdp_wrap--700\">Aceitoso y No Aceitoso<\/p>\n<\/td>\n<\/tr>\n<tr class=\"mds-dataTable_row mds-font_body tr\" role=\"row\">\n<td class=\"mds-dataTable_cell \" role=\"cell\">\n<p class=\"sps2-pdp_specifications--table_label\">Tipo de Cartucho O Filtro<\/p>\n<\/td>\n<td class=\"mds-dataTable_cell \" role=\"cell\">\n<p class=\"sps2-pdp_specifications--table_values sps2-pdp_wrap--700\">Particulado<\/p>\n<\/td>\n<\/tr>\n<tr class=\"mds-dataTable_row mds-font_body tr\" role=\"row\">\n<td class=\"mds-dataTable_cell \" role=\"cell\">\n<p class=\"sps2-pdp_specifications--table_label\">Tipo de Conexi\u00f3n<\/p>\n<\/td>\n<td class=\"mds-dataTable_cell \" role=\"cell\">\n<p class=\"sps2-pdp_specifications--table_values sps2-pdp_wrap--700\">Bayoneta<\/p>\n<\/td>\n<\/tr>\n<tr class=\"mds-dataTable_row mds-font_body tr\" role=\"row\">\n<td class=\"mds-dataTable_cell \" role=\"cell\">\n<p class=\"sps2-pdp_specifications--table_label\">Tipo de Producto<\/p>\n<\/td>\n<td class=\"mds-dataTable_cell \" role=\"cell\">\n<p class=\"sps2-pdp_specifications--table_values sps2-pdp_wrap--700\">Filtro<\/p>\n<\/td>\n<\/tr>\n<tr class=\"mds-dataTable_row mds-font_body tr\" role=\"row\">\n<td class=\"mds-dataTable_cell \" role=\"cell\">\n<p class=\"sps2-pdp_specifications--table_label\">\u00cdndice de Aprobaci\u00f3n de Filtro Del Niosh<\/p>\n<\/td>\n<td class=\"mds-dataTable_cell \" role=\"cell\">\n<p class=\"sps2-pdp_specifications--table_values sps2-pdp_wrap--700\">P100<\/p>\n<\/td>\n<\/tr>\n<\/tbody>\n<\/table>\n","protected":false},"excerpt":{"rendered":"[caption id=\"attachment_2890\" align=\"alignleft\" width=\"300\"]<img fetchpriority=\"high\" decoding=\"async\" class=\"size-medium wp-image-2890\" src=\"https:\/\/proindesa.com\/wp-content\/uploads\/2025\/03\/Filtro-2091-3M-300x283.jpg\" alt=\"\" width=\"300\" height=\"283\" srcset=\"https:\/\/proindesa.com\/wp-content\/uploads\/2025\/03\/Filtro-2091-3M-300x283.jpg 300w, https:\/\/proindesa.com\/wp-content\/uploads\/2025\/03\/Filtro-2091-3M.jpg 470w\" sizes=\"(max-width: 300px) 100vw, 300px\" \/> #image_title[\/caption]\n","protected":false},"featured_media":2890,"template":"","meta":{"_acf_changed":false,"content-type":"","_uf_show_specific_survey":0,"_uf_disable_surveys":false},"product_brand":[],"product_cat":[115,110],"product_tag":[122,35,124,123],"class_list":{"0":"post-2888","1":"product","2":"type-product","3":"status-publish","4":"has-post-thumbnail","6":"product_cat-equipo-de-seguridad-industrial","7":"product_cat-proteccion-respiratoria","8":"product_tag-122","9":"product_tag-3m","10":"product_tag-filtro-2091","11":"product_tag-filtro-3m","13":"first","14":"instock","15":"taxable","16":"shipping-taxable","17":"purchasable","18":"product-type-simple"},"acf":[],"_links":{"self":[{"href":"https:\/\/proindesa.com\/index.php?rest_route=\/wp\/v2\/product\/2888","targetHints":{"allow":["GET"]}}],"collection":[{"href":"https:\/\/proindesa.com\/index.php?rest_route=\/wp\/v2\/product"}],"about":[{"href":"https:\/\/proindesa.com\/index.php?rest_route=\/wp\/v2\/types\/product"}],"wp:featuredmedia":[{"embeddable":true,"href":"https:\/\/proindesa.com\/index.php?rest_route=\/wp\/v2\/media\/2890"}],"wp:attachment":[{"href":"https:\/\/proindesa.com\/index.php?rest_route=%2Fwp%2Fv2%2Fmedia&parent=2888"}],"wp:term":[{"taxonomy":"product_brand","embeddable":true,"href":"https:\/\/proindesa.com\/index.php?rest_route=%2Fwp%2Fv2%2Fproduct_brand&post=2888"},{"taxonomy":"product_cat","embeddable":true,"href":"https:\/\/proindesa.com\/index.php?rest_route=%2Fwp%2Fv2%2Fproduct_cat&post=2888"},{"taxonomy":"product_tag","embeddable":true,"href":"https:\/\/proindesa.com\/index.php?rest_route=%2Fwp%2Fv2%2Fproduct_tag&post=2888"}],"curies":[{"name":"wp","href":"https:\/\/api.w.org\/{rel}","templated":true}]}}