{"id":2170,"date":"2024-08-28T19:58:24","date_gmt":"2024-08-28T17:58:24","guid":{"rendered":"http:\/\/proindesa.com\/wordpress\/?post_type=product&#038;p=2170"},"modified":"2025-08-13T18:45:21","modified_gmt":"2025-08-13T16:45:21","slug":"estopa-grafito-reforzado-con-kevlar","status":"publish","type":"product","link":"https:\/\/proindesa.com\/?product=estopa-grafito-reforzado-con-kevlar","title":{"rendered":"Estopa grafito reforzado con kevlar\u00ae"},"content":{"rendered":"<p>Sello ambiental multitrenzado, fabricado en un proceso de nanotecnolog\u00eda con grafito vermiculado expandido y refuerzo de carb\u00f3n estructural que provee cero goteo en la mayor\u00eda de las aplicaciones.<\/p>\n","protected":false},"excerpt":{"rendered":"<p>Sello ambiental multitrenzado, fabricado en un proceso de nanotecnolog\u00eda con grafito vermiculado expandido y refuerzo de carb\u00f3n estructural que provee cero goteo en la mayor\u00eda de las aplicaciones.<\/p>\n","protected":false},"featured_media":2171,"template":"","meta":{"_acf_changed":false,"content-type":"","_uf_show_specific_survey":0,"_uf_disable_surveys":false},"product_brand":[],"product_cat":[80],"product_tag":[97,43,101],"class_list":{"0":"post-2170","1":"product","2":"type-product","3":"status-publish","4":"has-post-thumbnail","6":"product_cat-empaquetadura","7":"product_tag-asesoria","8":"product_tag-con-pdf","9":"product_tag-sin-precio","11":"first","12":"instock","13":"taxable","14":"shipping-taxable","15":"purchasable","16":"product-type-simple"},"acf":[],"_links":{"self":[{"href":"https:\/\/proindesa.com\/index.php?rest_route=\/wp\/v2\/product\/2170","targetHints":{"allow":["GET"]}}],"collection":[{"href":"https:\/\/proindesa.com\/index.php?rest_route=\/wp\/v2\/product"}],"about":[{"href":"https:\/\/proindesa.com\/index.php?rest_route=\/wp\/v2\/types\/product"}],"wp:featuredmedia":[{"embeddable":true,"href":"https:\/\/proindesa.com\/index.php?rest_route=\/wp\/v2\/media\/2171"}],"wp:attachment":[{"href":"https:\/\/proindesa.com\/index.php?rest_route=%2Fwp%2Fv2%2Fmedia&parent=2170"}],"wp:term":[{"taxonomy":"product_brand","embeddable":true,"href":"https:\/\/proindesa.com\/index.php?rest_route=%2Fwp%2Fv2%2Fproduct_brand&post=2170"},{"taxonomy":"product_cat","embeddable":true,"href":"https:\/\/proindesa.com\/index.php?rest_route=%2Fwp%2Fv2%2Fproduct_cat&post=2170"},{"taxonomy":"product_tag","embeddable":true,"href":"https:\/\/proindesa.com\/index.php?rest_route=%2Fwp%2Fv2%2Fproduct_tag&post=2170"}],"curies":[{"name":"wp","href":"https:\/\/api.w.org\/{rel}","templated":true}]}}