{"id":2151,"date":"2024-08-28T19:27:44","date_gmt":"2024-08-28T17:27:44","guid":{"rendered":"http:\/\/proindesa.com\/wordpress\/?post_type=product&#038;p=2151"},"modified":"2025-08-13T18:45:18","modified_gmt":"2025-08-13T16:45:18","slug":"bombas-de-doble-diafragma-electricas","status":"publish","type":"product","link":"https:\/\/proindesa.com\/?product=bombas-de-doble-diafragma-electricas","title":{"rendered":"Bombas de doble diafragma electricas"},"content":{"rendered":"<div id=\"comp-kp5y14gx1\" class=\"HcOXKn SxM0TO QxJLC3 lq2cno comp-kp5y14gx1 wixui-rich-text\" data-testid=\"richTextElement\">\n<p class=\"font_7\">Mas economico que comprar otro compresor. Mas eficiente que transformar energia electrica en aire y luego en potencia.<\/p>\n<p class=\"font_7\">Con nuestras bombas de doble diafragma electricas evite fallos inecesarios, mejore la eficiencia y un lugar de trabajo mas silencioso.<\/p>\n<\/div>\n<div id=\"comp-kp61ujyx\" class=\"HcOXKn SxM0TO QxJLC3 lq2cno comp-kp61ujyx wixui-rich-text\" data-testid=\"richTextElement\">\n<p class=\"font_7\">La Husky 1050e combina todos los beneficios de una bomba de diafragma accionada por aire tradicional (como el autocebado, la parada en presi\u00f3n y una mayor vida \u00fatil del diafragma) con los de una bomba el\u00e9ctrica (ahorro en costes energ\u00e9ticos, pulsaciones reducidas y mayor control de la bomba).<\/p>\n<p class=\"font_7\">Beneficios de la Husky 1050e Hasta un 80 % m\u00e1s eficaz que las bombas de diafragma accionadas por aire La primera bomba el\u00e9ctrica de doble diafragma del mercado que se para en presi\u00f3n Reduce las pulsaciones sin a\u00f1adir amortiguadores de pulsaciones<\/p>\n<p class=\"font_7\">Opciones de carro m\u00f3vil disponibles para facilitar y agilizar el movimiento<\/p>\n<p class=\"font_7\">Puede funcionar en seco Autocebado (no es necesario llenar la bomba para que funcione)<\/p>\n<p class=\"font_7\">Disponible con 3 opciones de caja de engranajes: 130, 215 y 330 l\/min Presentaci\u00f3n<\/p>\n<p class=\"font_7\">Caudal m\u00e1ximo de fluido 42 gpm (158 l\/min) Presi\u00f3n m\u00e1xima de trabajo del fluido 70 psi (4,8 bar, 0,48 MPa)<\/p>\n<p class=\"font_7\">Tama\u00f1o m\u00e1ximo de s\u00f3lidos bombeables 3,2 mm (1\/8 pulgada)<\/p>\n<p class=\"font_7\">Desplazamiento de fluido por ciclo 0,15 g (0,65 litros)<\/p>\n<\/div>\n","protected":false},"excerpt":{"rendered":"<p>Mas economico que comprar otro compresor. Mas eficiente que transformar energia electrica en aire y luego en potencia. Con nuestras bombas de doble diafragma electricas evite fallos inecesarios, mejore la eficiencia y un lugar de trabajo mas silencioso. La Husky 1050e combina todos los beneficios de una bomba de diafragma accionada por aire tradicional (como [&hellip;]<\/p>\n","protected":false},"featured_media":2153,"template":"","meta":{"_acf_changed":false,"content-type":"","_uf_show_specific_survey":0,"_uf_disable_surveys":false},"product_brand":[],"product_cat":[82],"product_tag":[97,43,101,98,99],"class_list":{"0":"post-2151","1":"product","2":"type-product","3":"status-publish","4":"has-post-thumbnail","6":"product_cat-bombas-de-doble-diafragma-electricas","7":"product_tag-asesoria","8":"product_tag-con-pdf","9":"product_tag-sin-precio","10":"product_tag-sin-whatsapp","11":"product_tag-solo-form","13":"first","14":"instock","15":"taxable","16":"shipping-taxable","17":"purchasable","18":"product-type-simple"},"acf":[],"_links":{"self":[{"href":"https:\/\/proindesa.com\/index.php?rest_route=\/wp\/v2\/product\/2151","targetHints":{"allow":["GET"]}}],"collection":[{"href":"https:\/\/proindesa.com\/index.php?rest_route=\/wp\/v2\/product"}],"about":[{"href":"https:\/\/proindesa.com\/index.php?rest_route=\/wp\/v2\/types\/product"}],"wp:featuredmedia":[{"embeddable":true,"href":"https:\/\/proindesa.com\/index.php?rest_route=\/wp\/v2\/media\/2153"}],"wp:attachment":[{"href":"https:\/\/proindesa.com\/index.php?rest_route=%2Fwp%2Fv2%2Fmedia&parent=2151"}],"wp:term":[{"taxonomy":"product_brand","embeddable":true,"href":"https:\/\/proindesa.com\/index.php?rest_route=%2Fwp%2Fv2%2Fproduct_brand&post=2151"},{"taxonomy":"product_cat","embeddable":true,"href":"https:\/\/proindesa.com\/index.php?rest_route=%2Fwp%2Fv2%2Fproduct_cat&post=2151"},{"taxonomy":"product_tag","embeddable":true,"href":"https:\/\/proindesa.com\/index.php?rest_route=%2Fwp%2Fv2%2Fproduct_tag&post=2151"}],"curies":[{"name":"wp","href":"https:\/\/api.w.org\/{rel}","templated":true}]}}