{"id":1795,"date":"2024-07-17T17:08:16","date_gmt":"2024-07-17T15:08:16","guid":{"rendered":"http:\/\/proindesa.com\/wordpress\/?post_type=product&#038;p=1795"},"modified":"2025-08-13T18:45:17","modified_gmt":"2025-08-13T16:45:17","slug":"pistola-aceite-mecanica-graco-4-16-litros-ext-flexible","status":"publish","type":"product","link":"https:\/\/proindesa.com\/?product=pistola-aceite-mecanica-graco-4-16-litros-ext-flexible","title":{"rendered":"Pistola aceite mecanica graco 4\/16 litros ext flexible"},"content":{"rendered":"<div class=\"force-stand-font\">\n<p>Los medidores mec\u00e1nicos son ideales para uso en interiores o exteriores en talleres de todos los tama\u00f1os, por lo general manejan aplicaciones en concesionarios de autom\u00f3viles, centros de lubricaci\u00f3n r\u00e1pida y talleres de servicio. El medidor presentado est\u00e1 equipado con m\u00faltiples opciones de boquilla y extensi\u00f3n y es capaz de bombear aceite hasta 8 gpm (30.2 lpm).<\/p>\n<\/div>\n<p>Las aplicaciones t\u00edpicas incluyen concesionarios de autom\u00f3viles, concesionarios de servicio pesado, centros de lubricaci\u00f3n r\u00e1pida, instalaciones de servicio de flotas, en planta, camiones de lubricaci\u00f3n y miner\u00eda.<\/p>\n<ul class=\"splitColumns\">\n<li>Medidor manual f\u00e1cilmente reiniciable para mostrar la cantidad de fluido dispensado.<\/li>\n<li>La cubierta resiste a impactos resiste ara\u00f1azos y protege la perilla y el cuadrante de da\u00f1os<\/li>\n<li>El dise\u00f1o del dial y de la parte frontal es f\u00e1cil de leer y configurar<\/li>\n<li>La carcasa duradera de aluminio fundido es equilibrada y liviana para un agarre c\u00f3modo<\/li>\n<li>Totalizador integrado para gestionar el consumo de material<\/li>\n<li>Entrada giratoria de 1\/2 pulg. NPT<\/li>\n<li>Mide el fluido en litros<\/li>\n<li>Cuenta con extensi\u00f3n flexible con boquilla de aceite<\/li>\n<li>Garant\u00eda de 5 a\u00f1os<\/li>\n<\/ul>\n","protected":false},"excerpt":{"rendered":"<p>Los medidores mec\u00e1nicos son ideales para uso en interiores o exteriores en talleres de todos los tama\u00f1os, por lo general manejan aplicaciones en concesionarios de autom\u00f3viles, centros de lubricaci\u00f3n r\u00e1pida y talleres de servicio. El medidor presentado est\u00e1 equipado con m\u00faltiples opciones de boquilla y extensi\u00f3n y es capaz de bombear aceite hasta 8 gpm [&hellip;]<\/p>\n","protected":false},"featured_media":1797,"template":"","meta":{"_acf_changed":false,"content-type":"","_uf_show_specific_survey":0,"_uf_disable_surveys":false},"product_brand":[],"product_cat":[21],"product_tag":[43],"class_list":{"0":"post-1795","1":"product","2":"type-product","3":"status-publish","4":"has-post-thumbnail","6":"product_cat-lubricacion","7":"product_tag-con-pdf","9":"first","10":"instock","11":"taxable","12":"shipping-taxable","13":"purchasable","14":"product-type-simple"},"acf":[],"_links":{"self":[{"href":"https:\/\/proindesa.com\/index.php?rest_route=\/wp\/v2\/product\/1795","targetHints":{"allow":["GET"]}}],"collection":[{"href":"https:\/\/proindesa.com\/index.php?rest_route=\/wp\/v2\/product"}],"about":[{"href":"https:\/\/proindesa.com\/index.php?rest_route=\/wp\/v2\/types\/product"}],"wp:featuredmedia":[{"embeddable":true,"href":"https:\/\/proindesa.com\/index.php?rest_route=\/wp\/v2\/media\/1797"}],"wp:attachment":[{"href":"https:\/\/proindesa.com\/index.php?rest_route=%2Fwp%2Fv2%2Fmedia&parent=1795"}],"wp:term":[{"taxonomy":"product_brand","embeddable":true,"href":"https:\/\/proindesa.com\/index.php?rest_route=%2Fwp%2Fv2%2Fproduct_brand&post=1795"},{"taxonomy":"product_cat","embeddable":true,"href":"https:\/\/proindesa.com\/index.php?rest_route=%2Fwp%2Fv2%2Fproduct_cat&post=1795"},{"taxonomy":"product_tag","embeddable":true,"href":"https:\/\/proindesa.com\/index.php?rest_route=%2Fwp%2Fv2%2Fproduct_tag&post=1795"}],"curies":[{"name":"wp","href":"https:\/\/api.w.org\/{rel}","templated":true}]}}