{"id":1444,"date":"2024-07-03T19:07:52","date_gmt":"2024-07-03T17:07:52","guid":{"rendered":"http:\/\/proindesa.com\/wordpress\/tienda\/sin%20categor\u00eda\/filtro-mesh-60-p-pistola-graco\/"},"modified":"2025-08-22T18:13:53","modified_gmt":"2025-08-23T00:13:53","slug":"filtro-mesh-60-p-pistola-graco","status":"publish","type":"product","link":"https:\/\/proindesa.com\/?product=filtro-mesh-60-p-pistola-graco","title":{"rendered":"Filtro mesh 60 p\/pistola graco"},"content":{"rendered":"<p>Los filtros de pistola ayudan a eliminar los desechos del revestimiento protegiendo la bomba, reduciendo la obstrucci\u00f3n de la punta y proporcionando un acabado de mejor calidad<br \/>\nReemplace el filtro si est\u00e1 obstruido m\u00e1s del 20%<br \/>\nProlonga la vida \u00fatil de la bomba y reduce la obstrucci\u00f3n de la punta limpiando y reemplazando el filtro regularmente<br \/>\nUtilizado para recubrimientos de l\u00e1tex, esmaltes (l\u00e1tex)<br \/>\nLimpiar despu\u00e9s de cada uso.<\/p>\n","protected":false},"excerpt":{"rendered":"<p>Los filtros de pistola ayudan a eliminar los desechos del revestimiento protegiendo la bomba, reduciendo la obstrucci\u00f3n de la punta y proporcionando un acabado de mejor calidad Reemplace el filtro si est\u00e1 obstruido m\u00e1s del 20% Prolonga la vida \u00fatil de la bomba y reduce la obstrucci\u00f3n de la punta limpiando y reemplazando el filtro [&hellip;]<\/p>\n","protected":false},"featured_media":1397,"template":"","meta":{"_acf_changed":false,"content-type":"","_uf_show_specific_survey":0,"_uf_disable_surveys":false},"product_brand":[],"product_cat":[93,149],"product_tag":[],"class_list":{"0":"post-1444","1":"product","2":"type-product","3":"status-publish","4":"has-post-thumbnail","6":"product_cat-arquitectonica","7":"product_cat-repuestos-para-equipos-airless-graco","9":"first","10":"instock","11":"taxable","12":"shipping-taxable","13":"purchasable","14":"product-type-simple"},"acf":[],"_links":{"self":[{"href":"https:\/\/proindesa.com\/index.php?rest_route=\/wp\/v2\/product\/1444","targetHints":{"allow":["GET"]}}],"collection":[{"href":"https:\/\/proindesa.com\/index.php?rest_route=\/wp\/v2\/product"}],"about":[{"href":"https:\/\/proindesa.com\/index.php?rest_route=\/wp\/v2\/types\/product"}],"wp:featuredmedia":[{"embeddable":true,"href":"https:\/\/proindesa.com\/index.php?rest_route=\/wp\/v2\/media\/1397"}],"wp:attachment":[{"href":"https:\/\/proindesa.com\/index.php?rest_route=%2Fwp%2Fv2%2Fmedia&parent=1444"}],"wp:term":[{"taxonomy":"product_brand","embeddable":true,"href":"https:\/\/proindesa.com\/index.php?rest_route=%2Fwp%2Fv2%2Fproduct_brand&post=1444"},{"taxonomy":"product_cat","embeddable":true,"href":"https:\/\/proindesa.com\/index.php?rest_route=%2Fwp%2Fv2%2Fproduct_cat&post=1444"},{"taxonomy":"product_tag","embeddable":true,"href":"https:\/\/proindesa.com\/index.php?rest_route=%2Fwp%2Fv2%2Fproduct_tag&post=1444"}],"curies":[{"name":"wp","href":"https:\/\/api.w.org\/{rel}","templated":true}]}}