{"id":1410,"date":"2024-07-03T19:07:50","date_gmt":"2024-07-03T17:07:50","guid":{"rendered":"http:\/\/proindesa.com\/wordpress\/tienda\/sin%20categor\u00eda\/boquilla-pintura-xhd-king-graco-323\/"},"modified":"2025-08-22T03:04:08","modified_gmt":"2025-08-22T01:04:08","slug":"boquilla-pintura-xhd-king-graco-323","status":"publish","type":"product","link":"https:\/\/proindesa.com\/?product=boquilla-pintura-xhd-king-graco-323","title":{"rendered":"Boquilla pintura xhd king graco 323"},"content":{"rendered":"<p>Ancho m\u00e1ximo de abanico (in)<br \/>\n8<br \/>\nAncho m\u00e1ximo de abanico (mm)<br \/>\n203<br \/>\nAncho m\u00e1ximo del abanico (cm)<br \/>\n20,3<br \/>\nAncho m\u00ednimo de abanico (mm)<br \/>\n152<br \/>\nCaudal m\u00e1ximo (l\/min)<br \/>\n2,16<br \/>\nMaterial compatible<br \/>\nPinturas de soluci\u00f3n en disolvente, Pintura base agua<br \/>\nModelo<br \/>\nXHD RAC<br \/>\nPresi\u00f3n de trabajo m\u00e1xima (bar)<br \/>\n500<br \/>\nPresi\u00f3n de trabajo m\u00e1xima (kPa)<br \/>\n50000<br \/>\nPresi\u00f3n de trabajo m\u00e1xima (psi)<br \/>\n7250<br \/>\nSerie<br \/>\nSwitchTip<br \/>\nTama\u00f1o del orificio de fluido (in)<br \/>\n0,023<br \/>\nTipo<br \/>\nBoquilla de pulverizaci\u00f3n<br \/>\nTipo de boquilla<br \/>\nAirless<\/p>\n","protected":false},"excerpt":{"rendered":"<p>Ancho m\u00e1ximo de abanico (in) 8 Ancho m\u00e1ximo de abanico (mm) 203 Ancho m\u00e1ximo del abanico (cm) 20,3 Ancho m\u00ednimo de abanico (mm) 152 Caudal m\u00e1ximo (l\/min) 2,16 Material compatible Pinturas de soluci\u00f3n en disolvente, Pintura base agua Modelo XHD RAC Presi\u00f3n de trabajo m\u00e1xima (bar) 500 Presi\u00f3n de trabajo m\u00e1xima (kPa) 50000 Presi\u00f3n de [&hellip;]<\/p>\n","protected":false},"featured_media":1371,"template":"","meta":{"_acf_changed":false,"content-type":"","_uf_show_specific_survey":0,"_uf_disable_surveys":false},"product_brand":[],"product_cat":[23],"product_tag":[101],"class_list":{"0":"post-1410","1":"product","2":"type-product","3":"status-publish","4":"has-post-thumbnail","6":"product_cat-pintura","7":"product_tag-sin-precio","9":"first","10":"instock","11":"taxable","12":"shipping-taxable","13":"purchasable","14":"product-type-simple"},"acf":[],"_links":{"self":[{"href":"https:\/\/proindesa.com\/index.php?rest_route=\/wp\/v2\/product\/1410","targetHints":{"allow":["GET"]}}],"collection":[{"href":"https:\/\/proindesa.com\/index.php?rest_route=\/wp\/v2\/product"}],"about":[{"href":"https:\/\/proindesa.com\/index.php?rest_route=\/wp\/v2\/types\/product"}],"wp:featuredmedia":[{"embeddable":true,"href":"https:\/\/proindesa.com\/index.php?rest_route=\/wp\/v2\/media\/1371"}],"wp:attachment":[{"href":"https:\/\/proindesa.com\/index.php?rest_route=%2Fwp%2Fv2%2Fmedia&parent=1410"}],"wp:term":[{"taxonomy":"product_brand","embeddable":true,"href":"https:\/\/proindesa.com\/index.php?rest_route=%2Fwp%2Fv2%2Fproduct_brand&post=1410"},{"taxonomy":"product_cat","embeddable":true,"href":"https:\/\/proindesa.com\/index.php?rest_route=%2Fwp%2Fv2%2Fproduct_cat&post=1410"},{"taxonomy":"product_tag","embeddable":true,"href":"https:\/\/proindesa.com\/index.php?rest_route=%2Fwp%2Fv2%2Fproduct_tag&post=1410"}],"curies":[{"name":"wp","href":"https:\/\/api.w.org\/{rel}","templated":true}]}}