{"id":1341,"date":"2024-07-03T17:44:19","date_gmt":"2024-07-03T15:44:19","guid":{"rendered":"http:\/\/proindesa.com\/wordpress\/tienda\/sin%20categor\u00eda\/esponja-limpza-p96-scotch-brite-3m-4-x-6-ver\/"},"modified":"2025-08-13T18:45:04","modified_gmt":"2025-08-13T16:45:04","slug":"esponja-limpza-p96-scotch-brite-3m-4-x-6-ver","status":"publish","type":"product","link":"https:\/\/proindesa.com\/?product=esponja-limpza-p96-scotch-brite-3m-4-x-6-ver","title":{"rendered":"Esponja limpieza p96 scotch-brite 3M 4 x 6 ver"},"content":{"rendered":"<p>La Fibra de Uso General Scotch-Brite\u2122 P96 de 3M\u2122 es ideal para la limpieza diaria de la mayor\u00eda de los utensilios y equipos de cocina. Esta fibra resistente limpia de 2 a 3 veces m\u00e1s r\u00e1pido y dura de 2 a 3 veces m\u00e1s que las fibras comparables. Al estar compuesta por fibras sint\u00e9ticas, no se oxida, lo que la convierte en un excelente reemplazo para estropajos de lana de acero o de acero inoxidable. Las part\u00edculas de minerales abrasivos distribuidas uniformemente por toda la fibra ayudan a garantizar un rendimiento eficaz, constante y duradero durante toda la vida \u00fatil del producto. Medidas 6&#215;9 pulgadas.<\/p>\n","protected":false},"excerpt":{"rendered":"<p>La Fibra de Uso General Scotch-Brite\u2122 P96 de 3M\u2122 es ideal para la limpieza diaria de la mayor\u00eda de los utensilios y equipos de cocina. Esta fibra resistente limpia de 2 a 3 veces m\u00e1s r\u00e1pido y dura de 2 a 3 veces m\u00e1s que las fibras comparables. Al estar compuesta por fibras sint\u00e9ticas, no [&hellip;]<\/p>\n","protected":false},"featured_media":1319,"template":"","meta":{"_acf_changed":false,"content-type":"","_uf_show_specific_survey":0,"_uf_disable_surveys":false},"product_brand":[],"product_cat":[49],"product_tag":[],"class_list":{"0":"post-1341","1":"product","2":"type-product","3":"status-publish","4":"has-post-thumbnail","6":"product_cat-limpieza","8":"first","9":"instock","10":"taxable","11":"shipping-taxable","12":"purchasable","13":"product-type-simple"},"acf":[],"_links":{"self":[{"href":"https:\/\/proindesa.com\/index.php?rest_route=\/wp\/v2\/product\/1341","targetHints":{"allow":["GET"]}}],"collection":[{"href":"https:\/\/proindesa.com\/index.php?rest_route=\/wp\/v2\/product"}],"about":[{"href":"https:\/\/proindesa.com\/index.php?rest_route=\/wp\/v2\/types\/product"}],"wp:featuredmedia":[{"embeddable":true,"href":"https:\/\/proindesa.com\/index.php?rest_route=\/wp\/v2\/media\/1319"}],"wp:attachment":[{"href":"https:\/\/proindesa.com\/index.php?rest_route=%2Fwp%2Fv2%2Fmedia&parent=1341"}],"wp:term":[{"taxonomy":"product_brand","embeddable":true,"href":"https:\/\/proindesa.com\/index.php?rest_route=%2Fwp%2Fv2%2Fproduct_brand&post=1341"},{"taxonomy":"product_cat","embeddable":true,"href":"https:\/\/proindesa.com\/index.php?rest_route=%2Fwp%2Fv2%2Fproduct_cat&post=1341"},{"taxonomy":"product_tag","embeddable":true,"href":"https:\/\/proindesa.com\/index.php?rest_route=%2Fwp%2Fv2%2Fproduct_tag&post=1341"}],"curies":[{"name":"wp","href":"https:\/\/api.w.org\/{rel}","templated":true}]}}