{"id":1339,"date":"2024-07-03T17:44:19","date_gmt":"2024-07-03T15:44:19","guid":{"rendered":"http:\/\/proindesa.com\/wordpress\/tienda\/sin%20categor\u00eda\/esponja-limpza-7440-3m-heavy-duty-6-x-9-cafe\/"},"modified":"2025-08-13T18:45:03","modified_gmt":"2025-08-13T16:45:03","slug":"esponja-limpza-7440-3m-heavy-duty-6-x-9-cafe","status":"publish","type":"product","link":"https:\/\/proindesa.com\/?product=esponja-limpza-7440-3m-heavy-duty-6-x-9-cafe","title":{"rendered":"Esponja limpza 7440 3M heavy duty 6 x 9 cafe"},"content":{"rendered":"<p>La Almohadilla de Mano para Trabajo Pesado 7440 de Scotch Brite\u2122 es nuestra almohadilla de mano m\u00e1s agresiva y duradera. Su construcci\u00f3n s\u00faper densa la convierte en una excelente opci\u00f3n para sus aplicaciones m\u00e1s pesadas de limpieza, desbarbado y acabado. Combina la flexibilidad con una efectiva acci\u00f3n de corte y un control manual preciso para ayudarlo a completar tareas de limpieza y producir resultados de acabados delicados, uso tras uso. Las part\u00edculas abrasivas brindan un raspado consistente y uniforme durante toda la vida \u00fatil del producto.<\/p>\n","protected":false},"excerpt":{"rendered":"<p>La Almohadilla de Mano para Trabajo Pesado 7440 de Scotch Brite\u2122 es nuestra almohadilla de mano m\u00e1s agresiva y duradera. Su construcci\u00f3n s\u00faper densa la convierte en una excelente opci\u00f3n para sus aplicaciones m\u00e1s pesadas de limpieza, desbarbado y acabado. Combina la flexibilidad con una efectiva acci\u00f3n de corte y un control manual preciso para [&hellip;]<\/p>\n","protected":false},"featured_media":1318,"template":"","meta":{"_acf_changed":false,"content-type":"","_uf_show_specific_survey":0,"_uf_disable_surveys":false},"product_brand":[],"product_cat":[49],"product_tag":[],"class_list":{"0":"post-1339","1":"product","2":"type-product","3":"status-publish","4":"has-post-thumbnail","6":"product_cat-limpieza","8":"first","9":"instock","10":"taxable","11":"shipping-taxable","12":"purchasable","13":"product-type-simple"},"acf":[],"_links":{"self":[{"href":"https:\/\/proindesa.com\/index.php?rest_route=\/wp\/v2\/product\/1339","targetHints":{"allow":["GET"]}}],"collection":[{"href":"https:\/\/proindesa.com\/index.php?rest_route=\/wp\/v2\/product"}],"about":[{"href":"https:\/\/proindesa.com\/index.php?rest_route=\/wp\/v2\/types\/product"}],"wp:featuredmedia":[{"embeddable":true,"href":"https:\/\/proindesa.com\/index.php?rest_route=\/wp\/v2\/media\/1318"}],"wp:attachment":[{"href":"https:\/\/proindesa.com\/index.php?rest_route=%2Fwp%2Fv2%2Fmedia&parent=1339"}],"wp:term":[{"taxonomy":"product_brand","embeddable":true,"href":"https:\/\/proindesa.com\/index.php?rest_route=%2Fwp%2Fv2%2Fproduct_brand&post=1339"},{"taxonomy":"product_cat","embeddable":true,"href":"https:\/\/proindesa.com\/index.php?rest_route=%2Fwp%2Fv2%2Fproduct_cat&post=1339"},{"taxonomy":"product_tag","embeddable":true,"href":"https:\/\/proindesa.com\/index.php?rest_route=%2Fwp%2Fv2%2Fproduct_tag&post=1339"}],"curies":[{"name":"wp","href":"https:\/\/api.w.org\/{rel}","templated":true}]}}