{"id":1313,"date":"2024-07-03T16:15:21","date_gmt":"2024-07-03T14:15:21","guid":{"rendered":"http:\/\/proindesa.com\/wordpress\/tienda\/sin%20categor\u00eda\/sellador-de-teflon-kleblock-678-67\/"},"modified":"2025-08-22T17:30:48","modified_gmt":"2025-08-22T23:30:48","slug":"sellador-de-teflon-kleblock-678-67","status":"publish","type":"product","link":"https:\/\/proindesa.com\/?product=sellador-de-teflon-kleblock-678-67","title":{"rendered":"Sellador de teflon kleblock 678.67"},"content":{"rendered":"<p>Sellador de conexiones roscadas con teflon liquido, ideal para conexiones rectas o c\u00f3nicas, conexiones hidr\u00e1ulicas y neumaticas. Alta resistencia a ataques qu\u00edmicos, puede tener contacto incidental con alimentos sin problema, ideal para reemplazar la cinta de teflon con muchas ventajas. Mejora la capacidad de sellado, teniendo como resultado una mayor eficiencia en flujos y menores fallos y fugas en los sistemas de transporte de fluidos. Usado ampliamente en todo tipo de industria.<\/p>\n","protected":false},"excerpt":{"rendered":"<p>Sellador de conexiones roscadas con teflon liquido, ideal para conexiones rectas o c\u00f3nicas, conexiones hidr\u00e1ulicas y neumaticas. Alta resistencia a ataques qu\u00edmicos, puede tener contacto incidental con alimentos sin problema, ideal para reemplazar la cinta de teflon con muchas ventajas. Mejora la capacidad de sellado, teniendo como resultado una mayor eficiencia en flujos y menores [&hellip;]<\/p>\n","protected":false},"featured_media":1722,"template":"","meta":{"_acf_changed":false,"content-type":"","_uf_show_specific_survey":0,"_uf_disable_surveys":false},"product_brand":[142],"product_cat":[72,141],"product_tag":[43],"class_list":{"0":"post-1313","1":"product","2":"type-product","3":"status-publish","4":"has-post-thumbnail","6":"product_brand-kleb-lock","7":"product_cat-adhesivos-adhesivos","8":"product_cat-adhesivos-y-selladores-para-mantenimiento-mecanico","9":"product_tag-con-pdf","11":"first","12":"instock","13":"taxable","14":"shipping-taxable","15":"purchasable","16":"product-type-simple"},"acf":[],"_links":{"self":[{"href":"https:\/\/proindesa.com\/index.php?rest_route=\/wp\/v2\/product\/1313","targetHints":{"allow":["GET"]}}],"collection":[{"href":"https:\/\/proindesa.com\/index.php?rest_route=\/wp\/v2\/product"}],"about":[{"href":"https:\/\/proindesa.com\/index.php?rest_route=\/wp\/v2\/types\/product"}],"wp:featuredmedia":[{"embeddable":true,"href":"https:\/\/proindesa.com\/index.php?rest_route=\/wp\/v2\/media\/1722"}],"wp:attachment":[{"href":"https:\/\/proindesa.com\/index.php?rest_route=%2Fwp%2Fv2%2Fmedia&parent=1313"}],"wp:term":[{"taxonomy":"product_brand","embeddable":true,"href":"https:\/\/proindesa.com\/index.php?rest_route=%2Fwp%2Fv2%2Fproduct_brand&post=1313"},{"taxonomy":"product_cat","embeddable":true,"href":"https:\/\/proindesa.com\/index.php?rest_route=%2Fwp%2Fv2%2Fproduct_cat&post=1313"},{"taxonomy":"product_tag","embeddable":true,"href":"https:\/\/proindesa.com\/index.php?rest_route=%2Fwp%2Fv2%2Fproduct_tag&post=1313"}],"curies":[{"name":"wp","href":"https:\/\/api.w.org\/{rel}","templated":true}]}}