{"id":1309,"date":"2024-07-03T16:15:20","date_gmt":"2024-07-03T14:15:20","guid":{"rendered":"http:\/\/proindesa.com\/wordpress\/tienda\/sin%20categor\u00eda\/adhesivo-instantaneo-reforzado-kleblock-405-11\/"},"modified":"2025-08-13T18:45:01","modified_gmt":"2025-08-13T16:45:01","slug":"adhesivo-instantaneo-reforzado-kleblock-405-11","status":"publish","type":"product","link":"https:\/\/proindesa.com\/?product=adhesivo-instantaneo-reforzado-kleblock-405-11","title":{"rendered":"Adhesivo instantaneo reforzado kleblock 405.11"},"content":{"rendered":"<p>Adhesivo Instantaneo Reforzado de Ultima Generaci\u00f3n, Tenacidad y Resistencia Superior, es 10 veces mas resistente al peeling y 6 veces mas resistente al impacto que un Adhesivo Instantaneo Convencional, Resiste temperaturas desde -50\u00b0C hasta +135\u00b0C. Ideal para unir con gran poder Adhesivo y Cohesivo materiales disimiles entre si y en combinaci\u00f3n, especialmente Caucho a Metal, Caucho a Caucho, Metal a Metal, Metal a Pl\u00e1stico, Pl\u00e1stico a Pl\u00e1stico (con excepci\u00f3n de algunos pl\u00e1sticos de baja energ\u00eda superficial)<\/p>\n","protected":false},"excerpt":{"rendered":"<p>Adhesivo Instantaneo Reforzado de Ultima Generaci\u00f3n, Tenacidad y Resistencia Superior, es 10 veces mas resistente al peeling y 6 veces mas resistente al impacto que un Adhesivo Instantaneo Convencional, Resiste temperaturas desde -50\u00b0C hasta +135\u00b0C. Ideal para unir con gran poder Adhesivo y Cohesivo materiales disimiles entre si y en combinaci\u00f3n, especialmente Caucho a Metal, [&hellip;]<\/p>\n","protected":false},"featured_media":1299,"template":"","meta":{"_acf_changed":false,"content-type":"","_uf_show_specific_survey":0,"_uf_disable_surveys":false},"product_brand":[],"product_cat":[20],"product_tag":[43],"class_list":{"0":"post-1309","1":"product","2":"type-product","3":"status-publish","4":"has-post-thumbnail","6":"product_cat-adhesivos","7":"product_tag-con-pdf","9":"first","10":"instock","11":"taxable","12":"shipping-taxable","13":"purchasable","14":"product-type-simple"},"acf":[],"_links":{"self":[{"href":"https:\/\/proindesa.com\/index.php?rest_route=\/wp\/v2\/product\/1309","targetHints":{"allow":["GET"]}}],"collection":[{"href":"https:\/\/proindesa.com\/index.php?rest_route=\/wp\/v2\/product"}],"about":[{"href":"https:\/\/proindesa.com\/index.php?rest_route=\/wp\/v2\/types\/product"}],"wp:featuredmedia":[{"embeddable":true,"href":"https:\/\/proindesa.com\/index.php?rest_route=\/wp\/v2\/media\/1299"}],"wp:attachment":[{"href":"https:\/\/proindesa.com\/index.php?rest_route=%2Fwp%2Fv2%2Fmedia&parent=1309"}],"wp:term":[{"taxonomy":"product_brand","embeddable":true,"href":"https:\/\/proindesa.com\/index.php?rest_route=%2Fwp%2Fv2%2Fproduct_brand&post=1309"},{"taxonomy":"product_cat","embeddable":true,"href":"https:\/\/proindesa.com\/index.php?rest_route=%2Fwp%2Fv2%2Fproduct_cat&post=1309"},{"taxonomy":"product_tag","embeddable":true,"href":"https:\/\/proindesa.com\/index.php?rest_route=%2Fwp%2Fv2%2Fproduct_tag&post=1309"}],"curies":[{"name":"wp","href":"https:\/\/api.w.org\/{rel}","templated":true}]}}